{"id":1050,"date":"2022-11-24T15:36:09","date_gmt":"2022-11-24T13:36:09","guid":{"rendered":"https:\/\/wordpress.hak-steyr.at\/befair\/?page_id=1050"},"modified":"2022-11-24T15:36:09","modified_gmt":"2022-11-24T13:36:09","slug":"marketing-und-sekretariat","status":"publish","type":"page","link":"https:\/\/wordpress.hak-steyr.at\/befair\/marketing-und-sekretariat\/","title":{"rendered":"Einkauf und Sekretariat"},"content":{"rendered":"\n<h4><strong>Aufgaben im Einkauf und Sekretariat<\/strong><\/h4>\n\n\n\n<figure class=\"wp-block-image size-full\"><a href=\"https:\/\/wordpress.hak-steyr.at\/befair\/wp-content\/uploads\/2022\/11\/MicrosoftTeams-image-2.jpg\"><img loading=\"lazy\" width=\"768\" height=\"1024\" src=\"https:\/\/wordpress.hak-steyr.at\/befair\/wp-content\/uploads\/2022\/11\/MicrosoftTeams-image-2.jpg\" alt=\"\" class=\"wp-image-1545\" srcset=\"https:\/\/wordpress.hak-steyr.at\/befair\/wp-content\/uploads\/2022\/11\/MicrosoftTeams-image-2.jpg 768w, https:\/\/wordpress.hak-steyr.at\/befair\/wp-content\/uploads\/2022\/11\/MicrosoftTeams-image-2-225x300.jpg 225w\" sizes=\"(max-width: 768px) 100vw, 768px\" \/><\/a><\/figure>\n\n\n\n<ul><li>Werbema\u00dfnahmen: Flyer, Umfragen und Plakate<\/li><li>Externe Kommunikation: Events und Multimedia<\/li><li>Interne Kommunikation: Team Building, Unternehmensversammlungen <\/li><li>Sekretariat: Telefon, E-Mail und Post<\/li><li>Markteinf\u00fchrungskonzepte<\/li><\/ul>\n\n\n\n<p><strong>Mitarbeiter:<\/strong>  Melissa Eldes, Magdalena Daaboul, Nejla Guso<\/p>\n\n\n\n<p><strong>\u00dcber- und Unterordnung:<\/strong><br>Die Mitarbeiter sind direkt der Gesch\u00e4ftsf\u00fchrung unterstellt.<\/p>\n\n\n\n<p>Den Mitarbeitern ist niemand unterstellt.<\/p>\n\n\n\n<p><strong>Qualifikationen<\/strong>:<\/p>\n\n\n\n<ul><li>Kreativit\u00e4t<\/li><li>Kommunikationsf\u00e4higkeit<\/li><li>Engagement<\/li><li>betriebswirtschaftliches Verst\u00e4ndnis<\/li><\/ul>\n\n\n\n<p><\/p>\n","protected":false},"excerpt":{"rendered":"<p>Aufgaben im Einkauf und Sekretariat Werbema\u00dfnahmen: Flyer, Umfragen und Plakate Externe Kommunikation: Events und Multimedia Interne Kommunikation: Team Building, Unternehmensversammlungen Sekretariat: Telefon, E-Mail und Post Markteinf\u00fchrungskonzepte Mitarbeiter: Melissa Eldes, Magdalena Daaboul, Nejla Guso \u00dcber- und Unterordnung:Die Mitarbeiter sind direkt der Gesch\u00e4ftsf\u00fchrung unterstellt. Den Mitarbeitern ist niemand unterstellt. Qualifikationen: Kreativit\u00e4t Kommunikationsf\u00e4higkeit Engagement betriebswirtschaftliches Verst\u00e4ndnis<\/p>\n","protected":false},"author":3,"featured_media":0,"parent":0,"menu_order":1,"comment_status":"closed","ping_status":"closed","template":"","meta":[],"_links":{"self":[{"href":"https:\/\/wordpress.hak-steyr.at\/befair\/wp-json\/wp\/v2\/pages\/1050"}],"collection":[{"href":"https:\/\/wordpress.hak-steyr.at\/befair\/wp-json\/wp\/v2\/pages"}],"about":[{"href":"https:\/\/wordpress.hak-steyr.at\/befair\/wp-json\/wp\/v2\/types\/page"}],"author":[{"embeddable":true,"href":"https:\/\/wordpress.hak-steyr.at\/befair\/wp-json\/wp\/v2\/users\/3"}],"replies":[{"embeddable":true,"href":"https:\/\/wordpress.hak-steyr.at\/befair\/wp-json\/wp\/v2\/comments?post=1050"}],"version-history":[{"count":12,"href":"https:\/\/wordpress.hak-steyr.at\/befair\/wp-json\/wp\/v2\/pages\/1050\/revisions"}],"predecessor-version":[{"id":1547,"href":"https:\/\/wordpress.hak-steyr.at\/befair\/wp-json\/wp\/v2\/pages\/1050\/revisions\/1547"}],"wp:attachment":[{"href":"https:\/\/wordpress.hak-steyr.at\/befair\/wp-json\/wp\/v2\/media?parent=1050"}],"curies":[{"name":"wp","href":"https:\/\/api.w.org\/{rel}","templated":true}]}}