{"id":1057,"date":"2022-11-03T17:29:08","date_gmt":"2022-11-03T15:29:08","guid":{"rendered":"https:\/\/wordpress.hak-steyr.at\/befair\/?page_id=1057"},"modified":"2022-11-03T17:29:08","modified_gmt":"2022-11-03T15:29:08","slug":"personal-und-recht","status":"publish","type":"page","link":"https:\/\/wordpress.hak-steyr.at\/befair\/personal-und-recht\/","title":{"rendered":"Personal und Recht"},"content":{"rendered":"\n<figure class=\"wp-block-image size-large\"><a href=\"https:\/\/wordpress.hak-steyr.at\/befair\/wp-content\/uploads\/2022\/11\/Image-1.jpeg\"><img loading=\"lazy\" width=\"768\" height=\"1024\" src=\"https:\/\/wordpress.hak-steyr.at\/befair\/wp-content\/uploads\/2022\/11\/Image-1-768x1024.jpeg\" alt=\"\" class=\"wp-image-1534\" srcset=\"https:\/\/wordpress.hak-steyr.at\/befair\/wp-content\/uploads\/2022\/11\/Image-1-768x1024.jpeg 768w, https:\/\/wordpress.hak-steyr.at\/befair\/wp-content\/uploads\/2022\/11\/Image-1-225x300.jpeg 225w, https:\/\/wordpress.hak-steyr.at\/befair\/wp-content\/uploads\/2022\/11\/Image-1-1152x1536.jpeg 1152w, https:\/\/wordpress.hak-steyr.at\/befair\/wp-content\/uploads\/2022\/11\/Image-1-1024x1365.jpeg 1024w, https:\/\/wordpress.hak-steyr.at\/befair\/wp-content\/uploads\/2022\/11\/Image-1-810x1080.jpeg 810w, https:\/\/wordpress.hak-steyr.at\/befair\/wp-content\/uploads\/2022\/11\/Image-1.jpeg 1500w\" sizes=\"(max-width: 768px) 100vw, 768px\" \/><\/a><\/figure>\n\n\n\n<h4><strong>Aufgaben in Personal und Recht<\/strong><\/h4>\n\n\n\n<ul><li>Mitarbeiter aufgenommen<\/li><li>Geh\u00e4lter verrechnen<\/li><li>Kontierung<\/li><li>Fragen der Mitarbeiter beantwortet<\/li><\/ul>\n\n\n\n<p><strong>Mitarbeiter<\/strong>:   Emma Enzenhofer, Nadine Ahrer<\/p>\n\n\n\n<p><strong>\u00dcber- und Unterordnung:<\/strong><br>Die Mitarbeiter sind direkt der Gesch\u00e4ftsf\u00fchrung unterstellt.<\/p>\n\n\n\n<p>Den Mitarbeitern ist niemand unterstellt.<\/p>\n\n\n\n<p><strong>Qualifikationen<\/strong>:<\/p>\n\n\n\n<ul><li>Engagement<\/li><li>Teamf\u00e4higkeit<\/li><li>Geduld<\/li><li>Know-How<\/li><\/ul>\n","protected":false},"excerpt":{"rendered":"<p>Aufgaben in Personal und Recht Mitarbeiter aufgenommen Geh\u00e4lter verrechnen Kontierung Fragen der Mitarbeiter beantwortet Mitarbeiter: Emma Enzenhofer, Nadine Ahrer \u00dcber- und Unterordnung:Die Mitarbeiter sind direkt der Gesch\u00e4ftsf\u00fchrung unterstellt. Den Mitarbeitern ist niemand unterstellt. Qualifikationen: Engagement Teamf\u00e4higkeit Geduld Know-How<\/p>\n","protected":false},"author":3,"featured_media":0,"parent":0,"menu_order":0,"comment_status":"closed","ping_status":"closed","template":"","meta":[],"_links":{"self":[{"href":"https:\/\/wordpress.hak-steyr.at\/befair\/wp-json\/wp\/v2\/pages\/1057"}],"collection":[{"href":"https:\/\/wordpress.hak-steyr.at\/befair\/wp-json\/wp\/v2\/pages"}],"about":[{"href":"https:\/\/wordpress.hak-steyr.at\/befair\/wp-json\/wp\/v2\/types\/page"}],"author":[{"embeddable":true,"href":"https:\/\/wordpress.hak-steyr.at\/befair\/wp-json\/wp\/v2\/users\/3"}],"replies":[{"embeddable":true,"href":"https:\/\/wordpress.hak-steyr.at\/befair\/wp-json\/wp\/v2\/comments?post=1057"}],"version-history":[{"count":7,"href":"https:\/\/wordpress.hak-steyr.at\/befair\/wp-json\/wp\/v2\/pages\/1057\/revisions"}],"predecessor-version":[{"id":1535,"href":"https:\/\/wordpress.hak-steyr.at\/befair\/wp-json\/wp\/v2\/pages\/1057\/revisions\/1535"}],"wp:attachment":[{"href":"https:\/\/wordpress.hak-steyr.at\/befair\/wp-json\/wp\/v2\/media?parent=1057"}],"curies":[{"name":"wp","href":"https:\/\/api.w.org\/{rel}","templated":true}]}}

<figure class="wp-block-image size-large"><a href="https://wordpress.hak-steyr.at/befair/wp-content/uploads/2022/11/Image-1.jpeg"><img loading="lazy" width="768" height="1024" src="https://wordpress.hak-steyr.at/befair/wp-content/uploads/2022/11/Image-1-768x1024.jpeg" alt="" class="wp-image-1534" srcset="https://wordpress.hak-steyr.at/befair/wp-content/uploads/2022/11/Image-1-768x1024.jpeg 768w, https://wordpress.hak-steyr.at/befair/wp-content/uploads/2022/11/Image-1-225x300.jpeg 225w, https://wordpress.hak-steyr.at/befair/wp-content/uploads/2022/11/Image-1-1152x1536.jpeg 1152w, https://wordpress.hak-steyr.at/befair/wp-content/uploads/2022/11/Image-1-1024x1365.jpeg 1024w, https://wordpress.hak-steyr.at/befair/wp-content/uploads/2022/11/Image-1-810x1080.jpeg 810w, https://wordpress.hak-steyr.at/befair/wp-content/uploads/2022/11/Image-1.jpeg 1500w" sizes="(max-width: 768px) 100vw, 768px" /></a></figure>



<h4><strong>Aufgaben in Personal und Recht</strong></h4>



<ul><li>Mitarbeiter aufgenommen</li><li>Gehälter verrechnen</li><li>Kontierung</li><li>Fragen der Mitarbeiter beantwortet</li></ul>



<p><strong>Mitarbeiter</strong>:   Emma Enzenhofer, Nadine Ahrer</p>



<p><strong>Über- und Unterordnung:</strong><br>Die Mitarbeiter sind direkt der Geschäftsführung unterstellt.</p>



<p>Den Mitarbeitern ist niemand unterstellt.</p>



<p><strong>Qualifikationen</strong>:</p>



<ul><li>Engagement</li><li>Teamfähigkeit</li><li>Geduld</li><li>Know-How</li></ul>

<p>Aufgaben in Personal und Recht Mitarbeiter aufgenommen Gehälter verrechnen Kontierung Fragen der Mitarbeiter beantwortet Mitarbeiter: Emma Enzenhofer, Nadine Ahrer Über- und Unterordnung:Die Mitarbeiter sind direkt der Geschäftsführung unterstellt. Den Mitarbeitern ist niemand unterstellt. Qualifikationen: Engagement Teamfähigkeit Geduld Know-How</p>
