{"id":282,"date":"2013-09-13T21:21:01","date_gmt":"2013-09-13T19:21:01","guid":{"rendered":"http:\/\/wordpress.hak-steyr.at\/befair\/?page_id=282"},"modified":"2021-10-26T11:11:25","modified_gmt":"2021-10-26T09:11:25","slug":"leitbild","status":"publish","type":"page","link":"https:\/\/wordpress.hak-steyr.at\/befair\/virtual-enterprise\/leitbild\/","title":{"rendered":"Leitbild"},"content":{"rendered":"<p>Die \u00dcbungsfirma beFAiR Gmbh ist ein wegweisendes Unternehmen f\u00fcr exklusive und nachhaltige Handelswaren am \u00f6sterreichischen \u00dcbungsfirmenmarkt. Unsere Gesch\u00e4ftsidee ist der Handel mit nachhaltigen Waren, selbstproduzierten \u00d6kostrom und Fahrzeugen mit Elektroantrieb. Unsere Kernkompetenz liegt in der Verwendung nachwachsender Rohstoffe,\u00a0 erneuerbarer Energiequellen und im fairen Handel. Gro\u00dfer Wert wird auf \u00f6kologische und soziale Aspekte, wie z B. kontrolliert biologischer Anbau, schadstoffarme Produktion, Menschenw\u00fcrde und soziale Gerechtigkeit gelegt.<\/p>\n<p>Es geht darum, die knappen Ressourcen von Erd\u00f6l zu schonen und nachhaltig zu agieren. Unser Solarenergiesortiment ist umweltschonend und ebnet den Weg f\u00fcr eine emissionsfreie Zukunft.\u00a0 Wir produzieren \u00d6kostrom aus erneuerbarer Sonnenenergie. Unsere elektronischen Ger\u00e4te sind modular gebaut und reparaturf\u00e4hig und haben daher einen langen Produktlebenszyklus.\u00a0 Unsere Elektrofahrzeuge sind mit emissionsfreien Elektroantrieben ausgestattet. Die innovativen Antriebskonzepte bringen nicht nur eine neue Form von Dynamik auf unsere Stra\u00dfen, mit ihnen beginnt ein neues Zeitalter der mobilen Fortbewegung. Unsere Fair Trade Produkte weisen das Siegel des fairen Handels auf und haben die Auszeichnung FAIRTRADE@WORK erhalten.<br \/>Unser gesamtes Sortiment tr\u00e4gt zu 14 der 17\u00a0 nachhaltigen Entwicklungszielen bei: SDG1, 2, 3, 4, 5, 7, 8, 9, 10, 11, 12, 13, 15,17!<br \/>Der Lebensstil und die Gesundheit unserer Kunden liegt uns sehr am Herzen. Wir haben die Vision eine nachhaltige , lebens- und liebenswerte Gesellschaft mitzugestalten. Wir w\u00fcnschen uns einen Welthandel, der unter \u00f6kologischen, sozialen und wirtschaftlichen Rahmenbedingungen eine Welt in Balance anstrebt und richten uns auf Nachhaltigkeit aus.<br \/>Wir sind ein professionelles und kompetentes Team, pflegen einen wertsch\u00e4tzenden Umgang miteinander\u00a0 und verbessern uns kontinuierlich.<\/p>\n\n\n<figure class=\"wp-block-image size-full\"><a href=\"https:\/\/wordpress.hak-steyr.at\/befair\/wp-content\/uploads\/2018\/10\/Ohheyisavedapictureofheralso_f22e9a6f45fddc1fd689e2f4dae16ca5.png\"><img loading=\"lazy\" width=\"645\" height=\"645\" src=\"https:\/\/wordpress.hak-steyr.at\/befair\/wp-content\/uploads\/2018\/10\/Ohheyisavedapictureofheralso_f22e9a6f45fddc1fd689e2f4dae16ca5.png\" alt=\"\" class=\"wp-image-915\" srcset=\"https:\/\/wordpress.hak-steyr.at\/befair\/wp-content\/uploads\/2018\/10\/Ohheyisavedapictureofheralso_f22e9a6f45fddc1fd689e2f4dae16ca5.png 645w, https:\/\/wordpress.hak-steyr.at\/befair\/wp-content\/uploads\/2018\/10\/Ohheyisavedapictureofheralso_f22e9a6f45fddc1fd689e2f4dae16ca5-150x150.png 150w, https:\/\/wordpress.hak-steyr.at\/befair\/wp-content\/uploads\/2018\/10\/Ohheyisavedapictureofheralso_f22e9a6f45fddc1fd689e2f4dae16ca5-300x300.png 300w\" sizes=\"(max-width: 645px) 100vw, 645px\" \/><\/a><\/figure>\n","protected":false},"excerpt":{"rendered":"<p>Die \u00dcbungsfirma beFAiR Gmbh ist ein wegweisendes Unternehmen f\u00fcr exklusive und nachhaltige Handelswaren am \u00f6sterreichischen \u00dcbungsfirmenmarkt. Unsere Gesch\u00e4ftsidee ist der Handel mit nachhaltigen Waren, selbstproduzierten \u00d6kostrom und Fahrzeugen mit Elektroantrieb. Unsere Kernkompetenz liegt in der Verwendung nachwachsender Rohstoffe,\u00a0 erneuerbarer Energiequellen und im fairen Handel. Gro\u00dfer Wert wird auf \u00f6kologische und soziale Aspekte, wie z B.&hellip; <br \/> <a class=\"read-more\" href=\"https:\/\/wordpress.hak-steyr.at\/befair\/virtual-enterprise\/leitbild\/\">Weiterlesen<\/a><\/p>\n","protected":false},"author":3,"featured_media":0,"parent":5,"menu_order":2000,"comment_status":"closed","ping_status":"closed","template":"","meta":[],"_links":{"self":[{"href":"https:\/\/wordpress.hak-steyr.at\/befair\/wp-json\/wp\/v2\/pages\/282"}],"collection":[{"href":"https:\/\/wordpress.hak-steyr.at\/befair\/wp-json\/wp\/v2\/pages"}],"about":[{"href":"https:\/\/wordpress.hak-steyr.at\/befair\/wp-json\/wp\/v2\/types\/page"}],"author":[{"embeddable":true,"href":"https:\/\/wordpress.hak-steyr.at\/befair\/wp-json\/wp\/v2\/users\/3"}],"replies":[{"embeddable":true,"href":"https:\/\/wordpress.hak-steyr.at\/befair\/wp-json\/wp\/v2\/comments?post=282"}],"version-history":[{"count":12,"href":"https:\/\/wordpress.hak-steyr.at\/befair\/wp-json\/wp\/v2\/pages\/282\/revisions"}],"predecessor-version":[{"id":1379,"href":"https:\/\/wordpress.hak-steyr.at\/befair\/wp-json\/wp\/v2\/pages\/282\/revisions\/1379"}],"up":[{"embeddable":true,"href":"https:\/\/wordpress.hak-steyr.at\/befair\/wp-json\/wp\/v2\/pages\/5"}],"wp:attachment":[{"href":"https:\/\/wordpress.hak-steyr.at\/befair\/wp-json\/wp\/v2\/media?parent=282"}],"curies":[{"name":"wp","href":"https:\/\/api.w.org\/{rel}","templated":true}]}}