{"id":34,"date":"2012-10-19T09:12:23","date_gmt":"2012-10-19T07:12:23","guid":{"rendered":"http:\/\/wordpress.hak-steyr.at\/befair\/?page_id=34"},"modified":"2021-11-05T21:35:27","modified_gmt":"2021-11-05T19:35:27","slug":"produkte","status":"publish","type":"page","link":"https:\/\/wordpress.hak-steyr.at\/befair\/produkte\/","title":{"rendered":"Produkte"},"content":{"rendered":"\n<h2 style=\"font-size:30px\">Vollst\u00e4ndigen Produktkatalog als PDF downloaden:<\/h2>\n\n\n\n<h2 style=\"font-size:30px\"><a href=\"https:\/\/wordpress.hak-steyr.at\/befair\/wp-content\/uploads\/2021\/10\/Produktkatalog-2021-22.pdf\" target=\"_blank\" rel=\"noreferrer noopener\">Produktkatalog 2021\/2022<\/a><\/h2>\n\n\n\n<h2 style=\"font-size:30px\">Download the entire Productcatalog as PDF:<\/h2>\n\n\n\n<h2 style=\"font-size:30px\"><a href=\"https:\/\/wordpress.hak-steyr.at\/befair\/wp-content\/uploads\/2020\/06\/PRODUCT-CATALOGUE-ENGLISCH-WEBSITE.docx\">Productcatalog 2019\/2020<\/a><\/h2>\n\n\n\n<p class=\"has-large-font-size\">Angebote mit nachhaltiger Argumentationslinie findest Du auf <br><br><a href=\"https:\/\/wordpress.hak-steyr.at\/befair\/angebote\/\">Angebote \u2013 be FAiR (hak-steyr.at)<\/a> !<\/p>\n\n\n\n<p><\/p>\n\n\n\n<p><\/p>\n\n\n\n<p><\/p>\n\n\n\n<h2 class=\"has-large-font-size\">Unser bisheriges Sortiment:<\/h2>\n\n\n\n<p class=\"has-large-font-size\"> <a href=\"https:\/\/shops.act.at\/10000822\/desktop\/de-at\/shop\/fahrzeuge\/\" data-type=\"URL\">Fahrzeuge<\/a><a href=\"Fahrzeuge:\" data-type=\"URL\" data-id=\"Fahrzeuge:\"><\/a><\/p>\n\n\n\n<p><span class=\"has-inline-color has-vivid-red-color\">Auslaufmodell <strong>BMW i8<\/strong> &#8211; nur mehr 4 St\u00fcck auf Lager<\/span> \u20ac 137.000,-<br>Ein Sportwagen, neu gedacht. Effizienter \u2013 zum Beispiel durch intelligenten Leichtbau mit Carbon und aerodynamisches Design. Nachhaltiger \u2013 mit hocheffizienter BMW eDrive Technologie und recycelbaren Materialien im Interieur. Ohne Einbu\u00dfen in Dynamik und seinem sportlichen Auftritt. Kein Kompromiss, sondern die optimale Kombination von Fahrfreude und Verantwortung. Der BMW i8 ist ein Plug-in-Hybrid, der die Vorteile von innovativer Elektro- und Verbrennungsmotortechnologie in sich vereint. Resultat ist ein au\u00dfergew\u00f6hnliches Fahrerlebnis \u2013 bei \u00e4u\u00dferst niedrigem Verbrauch und geringer Emissi-on. An der Vorderachse befindet sich der Elektromotor mit leistungsstarken 96 kW (131 PS). Die Hinterachse wird dagegen von einem kraftvollen BMW TwinPower Turbo 1,5-Liter-3-Zylinder-Benzinmotor mit 170 kW (231 PS) H\u00f6chstleistung und gew\u00e4hrleistet in Kombi-nation mit dem elektrischen Boost die BMW typische Fahrfreude.<\/p>\n\n\n\n<p><strong>BMW i3<\/strong><br>Urbane Mobilit\u00e4t neu zu erfinden bedeutet, weit \u00fcber umweltbewusstes und agiles Fah-ren hinauszudenken. Das Ergebnis: Der BMW i3, der mit seinem vision\u00e4ren Design das Automobil von morgen definiert. Sein innovativer eDrive Antrieb wurde im Rahmen der BMW EfficientD ynamics Technologie entwickelt und ist nicht nur emissionsfrei, sondern bietet ein unvergleichbares und nahezu lautloses Fahrerlebnis. Der Elektromotor des BMW i3 ist perfekt auf den Einsatz im Stadtverkehr ausgelegt und leistet 125 kW\/170 PS.<br>Stromverbrauch in kWh\/100 km (kombiniert): 13,5 Kraftstoffverbrauch,<br>in l\/100 km (kombiniert): 0,6 CO2-Emission in g\/km (kombiniert): 13,0<\/p>\n\n\n\n<p><span class=\"has-inline-color has-vivid-red-color\">Auslaufmodell <strong>Segway<\/strong> nur mehr 6 St\u00fcck auf Lager!<\/span> \u20ac 299,99<br>Der Segway ist ein elektrisch angetriebenes Einpersonen-Transportmittel mit nur zwei auf derselben Achse liegenden R\u00e4dern, zwischen denen die bef\u00f6rderte Per-son steht und das sich durch eine elektronische An-triebsregelung selbst in Balance h\u00e4lt. Er kann bis zu 20 km\/h beschleunigen und kommt bis zu 38 km weit. Die Ladedauer betr\u00e4gt 8 \u2013 10 Stunden.<\/p>\n\n\n\n<p><strong>Tesla Roadster 2,5 Elektroauto<\/strong><br>Dieses Auto ist ein vollst\u00e4ndig elektrisch betriebener Sportwagen.<br>292 PS Strom, Direkt \/ Hinterradantrieb, 2 Sitze<\/p>\n\n\n\n<p><strong>Renault Kangoo ZE Maxi<\/strong><br>Rein elektrisch betrieben<br>H\u00f6chstgeschwindigkeit 130 km\/h<br>Reichweite bis 170 km<br>Lithium-Ionen-Akku mit 22 kWh<br>ab 20.500 Euro exkl. MwSt., vorsteuerabzugsf\u00e4-hig; Batteriemiete ab 72 Euro pro Monat<\/p>\n\n\n\n<p><strong>Renault Twizy Life 80<\/strong><\/p>\n\n\n\n<p>Der Renault Twizy ver\u00e4ndert alles: das Leben in der Stadt, das Gef\u00fchl f\u00fcr Freiheit, den Spa\u00df am Leben. Denn er ist geladen mit positiver Energie.<\/p>\n\n\n\n<p><em>F\u00fchlen Sie sich frei, f\u00fchlen Sie sich Twizy!<\/em><\/p>\n\n\n\n<p>8 kw (11 PS)<\/p>\n\n\n\n<p>80-100km Reichweite<\/p>\n\n\n\n<p><strong>Nissan e-NV200 Pro+<br><\/strong><em>Das Beste f\u00fcr Ihren Betrieb:<\/em> Unternehmen haben den e-NV200 f\u00fcr ihren Betrieb getestet \u2013 sehen Sie selbst, warum er ihnen so gut gef\u00e4llt! Erfahren Sie ihre Meinungen zu den verschiedenen Aspekten dieses Elektrofahrzeugs, wie z.&nbsp;B. Kostenersparnis, Reichweite, Konnektivit\u00e4t, Alltagstauglichkeit und Fahrspa\u00df. Es bietet alles, was Sie brauchen, um Ihr Gesch\u00e4ft zu f\u00f6rdern! <em>Schwungvoll in den Tag starten:<\/em> Mit einer vollen Batterieladung und einer Reichweite von bis zu 170km.<\/p>\n\n\n\n<p>Der NISSAN e-NV200 bietet Ihnen verschiedene Auflademodi: in ca. 30 Minuten mit dem<br>DC Schnellladeanschluss (0\u201380%), in ca. 5\u20137 Stunden an einer AC-Ladestation oder Wallbox sowie in ca. 10<br>Stunden an jeder normalen Steckdose mit dem EVSE-Ladekabel. W\u00e4hlen Sie einfach die f\u00fcr Sie bequemste Methode.<\/p>\n\n\n\n<p><span class=\"has-inline-color has-vivid-red-color\">Auslaufmodell <strong>Mercedes Benz B250e<\/strong> &#8211; nur mehr 2 St\u00fcck auf Lager!<\/span><\/p>\n\n\n\n<p>Volle Leistung. Immer. Wer einmal ein Elektroauto gefahren hat, kommt aus dem Staunen gar nicht mehr heraus. Freuen Sie sich auf elektrischen Fahrspa\u00df mit kraftvollen 132 kW (180 PS) Spitzenleistung. W\u00e4hrend ein herk\u00f6mmlicher Benzin- oder Dieselantrieb erst oberhalb der Leerlaufdrehzahl maximal beschleunigen kann, stellt ein Elektromotor schon ab dem ersten Antippen des Fahrpedals sein maximales Drehmoment zur Verf\u00fcgung \u2013 mit der elektrischen B-Klasse beschleunigen Sie so in nur 7,9 Sekunden von 0 auf 100 km\/h.<\/p>\n\n\n\n<p>Stromverbrauch kombiniert: ab 16,6 kWh\/100 km<\/p>\n\n\n\n<p>CO2-Emissionen kombiniert: 0 g\/km<\/p>\n\n\n\n<p>132 kw (179 PS)<\/p>\n\n\n\n<p>Batterieladung bis zu 200km (mit RANGE PLUS-Paket 230km)<\/p>\n\n\n\n<p><span class=\"has-inline-color has-vivid-red-color\">Auslaufmodell <strong>Tesla Modell S 100D<\/strong> Nur mehr 2 St\u00fcck auf Lager  \u20ac 120.000,00<\/span><\/p>\n\n\n\n<p>Mit einem Beschleunigungsverm\u00f6gen von 0 auf 100&nbsp;km\/h in 2,7 Sekunden sei die Performance-Variante P100D mit Dualmotor-Allradantrieb laut Tesla im August 2016 das am schnellsten beschleunigende Serienauto der Welt.<\/p>\n\n\n\n<p>Die Reichweite betr\u00e4gt je nach Fahrbedingungen zirka 632 km. Bei Langstreckenfahrten k\u00f6nnen die Nutzer an \u00fcber 700 Tesla-Supercharger-Stationen an Autobahnrastst\u00e4tten weltweit innerhalb von ca. 30 Minuten so weit aufgeladen werden, dass die n\u00e4chste Superchargerstation erreicht werden kann.<\/p>\n\n\n\n<p>Tesla stattet jedes Model S mit einem Internetzugang aus, \u00fcber den die Fahrzeuge auch neue F\u00e4higkeiten eingespielt bekommen, etwa die Fahrassistenzfunktionen. Alle Model S sind mit acht Kameras, zw\u00f6lf Ultraschallsensoren usw. ausgestattet, um in Zukunft autonomes Fahren zu erm\u00f6glichen, das sicherer sein soll als ein menschlicher Fahrer.<\/p>\n\n\n\n<h2 class=\"has-large-font-size\"><strong><a href=\"https:\/\/shops.act.at\/10000822\/desktop\/de-at\/shop\/sonstiges\/\">N\u00fctzliches:<\/a><\/strong><\/h2>\n\n\n\n<p><strong>Fairphone2<\/strong><br>Gr\u00f6\u00dfe: 5,0 Zoll Aufl\u00f6sung: Full HD (1920&#215;1080 Pixel), 446 ppi Glas: Gorilla Glas 3 (0,7 mm Dicke) Display Typ: LCD TFT\/IPS<br>Aktuelles Betriebssystem: Android 7.1<br>Interner Speicher: 32 GB<br>Anschl\u00fcsse: Audio 3.5mm, Micro-B USB 2.0, 3 Farben Benachrichtgungs-LED, Expansion-Port, FM-Radio<br>Ma\u00dfe: 143 mm \u00d7 73 mm \u00d7 11 mm<br>Gewicht: 168 g<br>Besonderheiten: Dual SIM (2x Micro-SIM), Solarakku<\/p>\n\n\n\n<p><strong>Laptop<\/strong><br>Ein eleganter, leistungsstarker Laptop, dessen auff\u00e4lligstes Design-Feature das Holzgeh\u00e4use ist. Holz, das wahlweise aus Holzabf\u00e4llen der M\u00f6belproduktion oder alten Palletten stammt. Auf der weltweit gr\u00f6\u00dften Messe f\u00fcr Informations-Technik, der CeBit in Hannover, war imaco D4R-Erfinder Paul Maher bereits im Gespr\u00e4ch mit zuk\u00fcnftigen Partnern des \u201egr\u00fcnen\u201c Laptops.<\/p>\n\n\n\n<p><strong>BeFair K\u00fchlschrank<\/strong><br>Dieser hochmoderne, komfort K\u00fchlschrank, bietet alles was das Schlemmerherz begehrt. Mit 5 verschiedenen K\u00fchlebenen und einem Display auf der Au\u00dfenseite, dass immer zur rechten Zeit an-zeigt ob ein Produkt nichtmehr vorhanden ist.<\/p>\n\n\n\n<p class=\"has-large-font-size\"><strong><a href=\"https:\/\/shops.act.at\/10000822\/desktop\/de-at\/shop\/%C3%B6kostrom\/\">\u00d6kostrom<\/a><\/strong><\/p>\n\n\n\n<p><br>Artikelnummer 1001:\u00a0 <strong>\u00d6kostrom 1\u00a0\u00a0\u00a0\u00a0\u00a0\u00a0 <\/strong>ab 2000 kW\/h erhalten Sie f\u00fcr \u20ac 300 reinen \u00d6kostrom. Jede weitere kW\/h kostet 15 ct\/kWh<br>Artikelnummer 1002:\u00a0\u00a0 <strong>\u00d6kostrom 2\u00a0\u00a0\u00a0\u00a0\u00a0 <\/strong>ab 2500 kW\/h erhalten Sie f\u00fcr \u20ac 350 reinen \u00d6kostrom. Jede weitere kW\/h kostet 14 ct\/kWh<br>Artikelnummer 1003:\u00a0\u00a0 <strong>\u00d6kostrom 3\u00a0\u00a0\u00a0\u00a0 <\/strong>ab 3000 kW\/h erhalten Sie f\u00fcr \u20ac 400 reinen \u00d6kostrom. Jede weitere kW\/h kostet 13,4 ct\/kWh<br>Der Gro\u00dfteil des Stromes den wir verkaufen stammt aus Solarenergie, der Rest ist ein Mix aus Wasser- und Windkraft.<br>keine Grundgeb\u00fchr<\/p>\n\n\n\n<p class=\"has-large-font-size\"><strong>Unsere aktuellen Solarenergieprodukte<\/strong> <\/p>\n\n\n\n<p class=\"has-medium-font-size\"><br><a rel=\"noreferrer noopener\" href=\"https:\/\/shops.act.at\/10000822\/desktop\/de-at\/shop\/solarenergie\" target=\"_blank\">https:\/\/shops.act.at\/10000822\/desktop\/de-at\/shop\/solarenergie<\/a>\/<\/p>\n\n\n\n<p class=\"has-large-font-size\"><br><strong>Unsere aktuellen Fair Trade<\/strong> <strong>Produkte <\/strong><\/p>\n\n\n\n<p class=\"has-medium-font-size\"><a rel=\"noreferrer noopener\" href=\"https:\/\/shops.act.at\/10000822\/desktop\/de-at\/shop\/fair-trade-produkte\/\" target=\"_blank\">https:\/\/shops.act.at\/10000822\/desktop\/de-at\/shop\/fair-trade-produkte\/<\/a> <\/p>\n","protected":false},"excerpt":{"rendered":"<p>Vollst\u00e4ndigen Produktkatalog als PDF downloaden: Produktkatalog 2021\/2022 Download the entire Productcatalog as PDF: Productcatalog 2019\/2020 Angebote mit nachhaltiger Argumentationslinie findest Du auf Angebote \u2013 be FAiR (hak-steyr.at) ! Unser bisheriges Sortiment: Fahrzeuge Auslaufmodell BMW i8 &#8211; nur mehr 4 St\u00fcck auf Lager \u20ac 137.000,-Ein Sportwagen, neu gedacht. Effizienter \u2013 zum Beispiel durch intelligenten Leichtbau mit&hellip; <br \/> <a class=\"read-more\" href=\"https:\/\/wordpress.hak-steyr.at\/befair\/produkte\/\">Weiterlesen<\/a><\/p>\n","protected":false},"author":3,"featured_media":0,"parent":0,"menu_order":3000,"comment_status":"open","ping_status":"closed","template":"","meta":[],"_links":{"self":[{"href":"https:\/\/wordpress.hak-steyr.at\/befair\/wp-json\/wp\/v2\/pages\/34"}],"collection":[{"href":"https:\/\/wordpress.hak-steyr.at\/befair\/wp-json\/wp\/v2\/pages"}],"about":[{"href":"https:\/\/wordpress.hak-steyr.at\/befair\/wp-json\/wp\/v2\/types\/page"}],"author":[{"embeddable":true,"href":"https:\/\/wordpress.hak-steyr.at\/befair\/wp-json\/wp\/v2\/users\/3"}],"replies":[{"embeddable":true,"href":"https:\/\/wordpress.hak-steyr.at\/befair\/wp-json\/wp\/v2\/comments?post=34"}],"version-history":[{"count":81,"href":"https:\/\/wordpress.hak-steyr.at\/befair\/wp-json\/wp\/v2\/pages\/34\/revisions"}],"predecessor-version":[{"id":1452,"href":"https:\/\/wordpress.hak-steyr.at\/befair\/wp-json\/wp\/v2\/pages\/34\/revisions\/1452"}],"wp:attachment":[{"href":"https:\/\/wordpress.hak-steyr.at\/befair\/wp-json\/wp\/v2\/media?parent=34"}],"curies":[{"name":"wp","href":"https:\/\/api.w.org\/{rel}","templated":true}]}}

<h2 style="font-size:30px">Vollständigen Produktkatalog als PDF downloaden:</h2>



<h2 style="font-size:30px"><a href="https://wordpress.hak-steyr.at/befair/wp-content/uploads/2021/10/Produktkatalog-2021-22.pdf" target="_blank" rel="noreferrer noopener">Produktkatalog 2021/2022</a></h2>



<h2 style="font-size:30px">Download the entire Productcatalog as PDF:</h2>



<h2 style="font-size:30px"><a href="https://wordpress.hak-steyr.at/befair/wp-content/uploads/2020/06/PRODUCT-CATALOGUE-ENGLISCH-WEBSITE.docx">Productcatalog 2019/2020</a></h2>



<p class="has-large-font-size">Angebote mit nachhaltiger Argumentationslinie findest Du auf <br><br><a href="https://wordpress.hak-steyr.at/befair/angebote/">Angebote – be FAiR (hak-steyr.at)</a> !</p>



<p></p>



<p></p>



<p></p>



<h2 class="has-large-font-size">Unser bisheriges Sortiment:</h2>



<p class="has-large-font-size"> <a href="https://shops.act.at/10000822/desktop/de-at/shop/fahrzeuge/" data-type="URL">Fahrzeuge</a><a href="Fahrzeuge:" data-type="URL" data-id="Fahrzeuge:"></a></p>



<p><span class="has-inline-color has-vivid-red-color">Auslaufmodell <strong>BMW i8</strong> &#8211; nur mehr 4 Stück auf Lager</span> € 137.000,-<br>Ein Sportwagen, neu gedacht. Effizienter – zum Beispiel durch intelligenten Leichtbau mit Carbon und aerodynamisches Design. Nachhaltiger – mit hocheffizienter BMW eDrive Technologie und recycelbaren Materialien im Interieur. Ohne Einbußen in Dynamik und seinem sportlichen Auftritt. Kein Kompromiss, sondern die optimale Kombination von Fahrfreude und Verantwortung. Der BMW i8 ist ein Plug-in-Hybrid, der die Vorteile von innovativer Elektro- und Verbrennungsmotortechnologie in sich vereint. Resultat ist ein außergewöhnliches Fahrerlebnis – bei äußerst niedrigem Verbrauch und geringer Emissi-on. An der Vorderachse befindet sich der Elektromotor mit leistungsstarken 96 kW (131 PS). Die Hinterachse wird dagegen von einem kraftvollen BMW TwinPower Turbo 1,5-Liter-3-Zylinder-Benzinmotor mit 170 kW (231 PS) Höchstleistung und gewährleistet in Kombi-nation mit dem elektrischen Boost die BMW typische Fahrfreude.</p>



<p><strong>BMW i3</strong><br>Urbane Mobilität neu zu erfinden bedeutet, weit über umweltbewusstes und agiles Fah-ren hinauszudenken. Das Ergebnis: Der BMW i3, der mit seinem visionären Design das Automobil von morgen definiert. Sein innovativer eDrive Antrieb wurde im Rahmen der BMW EfficientD ynamics Technologie entwickelt und ist nicht nur emissionsfrei, sondern bietet ein unvergleichbares und nahezu lautloses Fahrerlebnis. Der Elektromotor des BMW i3 ist perfekt auf den Einsatz im Stadtverkehr ausgelegt und leistet 125 kW/170 PS.<br>Stromverbrauch in kWh/100 km (kombiniert): 13,5 Kraftstoffverbrauch,<br>in l/100 km (kombiniert): 0,6 CO2-Emission in g/km (kombiniert): 13,0</p>



<p><span class="has-inline-color has-vivid-red-color">Auslaufmodell <strong>Segway</strong> nur mehr 6 Stück auf Lager!</span> € 299,99<br>Der Segway ist ein elektrisch angetriebenes Einpersonen-Transportmittel mit nur zwei auf derselben Achse liegenden Rädern, zwischen denen die beförderte Per-son steht und das sich durch eine elektronische An-triebsregelung selbst in Balance hält. Er kann bis zu 20 km/h beschleunigen und kommt bis zu 38 km weit. Die Ladedauer beträgt 8 – 10 Stunden.</p>



<p><strong>Tesla Roadster 2,5 Elektroauto</strong><br>Dieses Auto ist ein vollständig elektrisch betriebener Sportwagen.<br>292 PS Strom, Direkt / Hinterradantrieb, 2 Sitze</p>



<p><strong>Renault Kangoo ZE Maxi</strong><br>Rein elektrisch betrieben<br>Höchstgeschwindigkeit 130 km/h<br>Reichweite bis 170 km<br>Lithium-Ionen-Akku mit 22 kWh<br>ab 20.500 Euro exkl. MwSt., vorsteuerabzugsfä-hig; Batteriemiete ab 72 Euro pro Monat</p>



<p><strong>Renault Twizy Life 80</strong></p>



<p>Der Renault Twizy verändert alles: das Leben in der Stadt, das Gefühl für Freiheit, den Spaß am Leben. Denn er ist geladen mit positiver Energie.</p>



<p><em>Fühlen Sie sich frei, fühlen Sie sich Twizy!</em></p>



<p>8 kw (11 PS)</p>



<p>80-100km Reichweite</p>



<p><strong>Nissan e-NV200 Pro+<br></strong><em>Das Beste für Ihren Betrieb:</em> Unternehmen haben den e-NV200 für ihren Betrieb getestet – sehen Sie selbst, warum er ihnen so gut gefällt! Erfahren Sie ihre Meinungen zu den verschiedenen Aspekten dieses Elektrofahrzeugs, wie z.&nbsp;B. Kostenersparnis, Reichweite, Konnektivität, Alltagstauglichkeit und Fahrspaß. Es bietet alles, was Sie brauchen, um Ihr Geschäft zu fördern! <em>Schwungvoll in den Tag starten:</em> Mit einer vollen Batterieladung und einer Reichweite von bis zu 170km.</p>



<p>Der NISSAN e-NV200 bietet Ihnen verschiedene Auflademodi: in ca. 30 Minuten mit dem<br>DC Schnellladeanschluss (0–80%), in ca. 5–7 Stunden an einer AC-Ladestation oder Wallbox sowie in ca. 10<br>Stunden an jeder normalen Steckdose mit dem EVSE-Ladekabel. Wählen Sie einfach die für Sie bequemste Methode.</p>



<p><span class="has-inline-color has-vivid-red-color">Auslaufmodell <strong>Mercedes Benz B250e</strong> &#8211; nur mehr 2 Stück auf Lager!</span></p>



<p>Volle Leistung. Immer. Wer einmal ein Elektroauto gefahren hat, kommt aus dem Staunen gar nicht mehr heraus. Freuen Sie sich auf elektrischen Fahrspaß mit kraftvollen 132 kW (180 PS) Spitzenleistung. Während ein herkömmlicher Benzin- oder Dieselantrieb erst oberhalb der Leerlaufdrehzahl maximal beschleunigen kann, stellt ein Elektromotor schon ab dem ersten Antippen des Fahrpedals sein maximales Drehmoment zur Verfügung – mit der elektrischen B-Klasse beschleunigen Sie so in nur 7,9 Sekunden von 0 auf 100 km/h.</p>



<p>Stromverbrauch kombiniert: ab 16,6 kWh/100 km</p>



<p>CO2-Emissionen kombiniert: 0 g/km</p>



<p>132 kw (179 PS)</p>



<p>Batterieladung bis zu 200km (mit RANGE PLUS-Paket 230km)</p>



<p><span class="has-inline-color has-vivid-red-color">Auslaufmodell <strong>Tesla Modell S 100D</strong> Nur mehr 2 Stück auf Lager  € 120.000,00</span></p>



<p>Mit einem Beschleunigungsvermögen von 0 auf 100&nbsp;km/h in 2,7 Sekunden sei die Performance-Variante P100D mit Dualmotor-Allradantrieb laut Tesla im August 2016 das am schnellsten beschleunigende Serienauto der Welt.</p>



<p>Die Reichweite beträgt je nach Fahrbedingungen zirka 632 km. Bei Langstreckenfahrten können die Nutzer an über 700 Tesla-Supercharger-Stationen an Autobahnraststätten weltweit innerhalb von ca. 30 Minuten so weit aufgeladen werden, dass die nächste Superchargerstation erreicht werden kann.</p>



<p>Tesla stattet jedes Model S mit einem Internetzugang aus, über den die Fahrzeuge auch neue Fähigkeiten eingespielt bekommen, etwa die Fahrassistenzfunktionen. Alle Model S sind mit acht Kameras, zwölf Ultraschallsensoren usw. ausgestattet, um in Zukunft autonomes Fahren zu ermöglichen, das sicherer sein soll als ein menschlicher Fahrer.</p>



<h2 class="has-large-font-size"><strong><a href="https://shops.act.at/10000822/desktop/de-at/shop/sonstiges/">Nützliches:</a></strong></h2>



<p><strong>Fairphone2</strong><br>Größe: 5,0 Zoll Auflösung: Full HD (1920&#215;1080 Pixel), 446 ppi Glas: Gorilla Glas 3 (0,7 mm Dicke) Display Typ: LCD TFT/IPS<br>Aktuelles Betriebssystem: Android 7.1<br>Interner Speicher: 32 GB<br>Anschlüsse: Audio 3.5mm, Micro-B USB 2.0, 3 Farben Benachrichtgungs-LED, Expansion-Port, FM-Radio<br>Maße: 143 mm × 73 mm × 11 mm<br>Gewicht: 168 g<br>Besonderheiten: Dual SIM (2x Micro-SIM), Solarakku</p>



<p><strong>Laptop</strong><br>Ein eleganter, leistungsstarker Laptop, dessen auffälligstes Design-Feature das Holzgehäuse ist. Holz, das wahlweise aus Holzabfällen der Möbelproduktion oder alten Palletten stammt. Auf der weltweit größten Messe für Informations-Technik, der CeBit in Hannover, war imaco D4R-Erfinder Paul Maher bereits im Gespräch mit zukünftigen Partnern des „grünen“ Laptops.</p>



<p><strong>BeFair Kühlschrank</strong><br>Dieser hochmoderne, komfort Kühlschrank, bietet alles was das Schlemmerherz begehrt. Mit 5 verschiedenen Kühlebenen und einem Display auf der Außenseite, dass immer zur rechten Zeit an-zeigt ob ein Produkt nichtmehr vorhanden ist.</p>



<p class="has-large-font-size"><strong><a href="https://shops.act.at/10000822/desktop/de-at/shop/%C3%B6kostrom/">Ökostrom</a></strong></p>



<p><br>Artikelnummer 1001:  <strong>Ökostrom 1       </strong>ab 2000 kW/h erhalten Sie für € 300 reinen Ökostrom. Jede weitere kW/h kostet 15 ct/kWh<br>Artikelnummer 1002:   <strong>Ökostrom 2      </strong>ab 2500 kW/h erhalten Sie für € 350 reinen Ökostrom. Jede weitere kW/h kostet 14 ct/kWh<br>Artikelnummer 1003:   <strong>Ökostrom 3     </strong>ab 3000 kW/h erhalten Sie für € 400 reinen Ökostrom. Jede weitere kW/h kostet 13,4 ct/kWh<br>Der Großteil des Stromes den wir verkaufen stammt aus Solarenergie, der Rest ist ein Mix aus Wasser- und Windkraft.<br>keine Grundgebühr</p>



<p class="has-large-font-size"><strong>Unsere aktuellen Solarenergieprodukte</strong> </p>



<p class="has-medium-font-size"><br><a rel="noreferrer noopener" href="https://shops.act.at/10000822/desktop/de-at/shop/solarenergie" target="_blank">https://shops.act.at/10000822/desktop/de-at/shop/solarenergie</a>/</p>



<p class="has-large-font-size"><br><strong>Unsere aktuellen Fair Trade</strong> <strong>Produkte </strong></p>



<p class="has-medium-font-size"><a rel="noreferrer noopener" href="https://shops.act.at/10000822/desktop/de-at/shop/fair-trade-produkte/" target="_blank">https://shops.act.at/10000822/desktop/de-at/shop/fair-trade-produkte/</a> </p>

<p>Vollständigen Produktkatalog als PDF downloaden: Produktkatalog 2021/2022 Download the entire Productcatalog as PDF: Productcatalog 2019/2020 Angebote mit nachhaltiger Argumentationslinie findest Du auf Angebote – be FAiR (hak-steyr.at) ! Unser bisheriges Sortiment: Fahrzeuge Auslaufmodell BMW i8 &#8211; nur mehr 4 Stück auf Lager € 137.000,-Ein Sportwagen, neu gedacht. Effizienter – zum Beispiel durch intelligenten Leichtbau mit&hellip; <br /> <a class="read-more" href="https://wordpress.hak-steyr.at/befair/produkte/">Weiterlesen</a></p>
