{"id":575,"date":"2022-11-03T17:20:24","date_gmt":"2022-11-03T15:20:24","guid":{"rendered":"http:\/\/wordpress.hak-steyr.at\/befair\/?page_id=575"},"modified":"2022-11-03T17:20:24","modified_gmt":"2022-11-03T15:20:24","slug":"qm-geschaeftsfuehrung","status":"publish","type":"page","link":"https:\/\/wordpress.hak-steyr.at\/befair\/mesmerize\/team-befair\/qm-geschaeftsfuehrung\/","title":{"rendered":"Gesch\u00e4ftsf\u00fchrung und Qualit\u00e4tsmanagement"},"content":{"rendered":"\n<figure class=\"wp-block-image size-large\"><a href=\"https:\/\/wordpress.hak-steyr.at\/befair\/wp-content\/uploads\/2022\/11\/Geschaeftsfuehrung.jpeg\"><img loading=\"lazy\" width=\"768\" height=\"1024\" src=\"https:\/\/wordpress.hak-steyr.at\/befair\/wp-content\/uploads\/2022\/11\/Geschaeftsfuehrung-768x1024.jpeg\" alt=\"\" class=\"wp-image-1529\" srcset=\"https:\/\/wordpress.hak-steyr.at\/befair\/wp-content\/uploads\/2022\/11\/Geschaeftsfuehrung-768x1024.jpeg 768w, https:\/\/wordpress.hak-steyr.at\/befair\/wp-content\/uploads\/2022\/11\/Geschaeftsfuehrung-225x300.jpeg 225w, https:\/\/wordpress.hak-steyr.at\/befair\/wp-content\/uploads\/2022\/11\/Geschaeftsfuehrung-1152x1536.jpeg 1152w, https:\/\/wordpress.hak-steyr.at\/befair\/wp-content\/uploads\/2022\/11\/Geschaeftsfuehrung-1024x1365.jpeg 1024w, https:\/\/wordpress.hak-steyr.at\/befair\/wp-content\/uploads\/2022\/11\/Geschaeftsfuehrung-810x1080.jpeg 810w, https:\/\/wordpress.hak-steyr.at\/befair\/wp-content\/uploads\/2022\/11\/Geschaeftsfuehrung.jpeg 1500w\" sizes=\"(max-width: 768px) 100vw, 768px\" \/><\/a><\/figure>\n\n\n\n<h2>Aufgaben<\/h2>\n\n\n\n<ul><li>Aufgaben zuteilen, Prozesse steuern<\/li><li>Abteilungen und Mitarbeiter unterst\u00fctzen<\/li><li>L\u00f6sungen und Antworten finden<\/li><li>Entscheidungen mit Absprache von Mitarbeitern treffen<\/li><li>Verhandlungen f\u00fchren<\/li><li>Gespr\u00e4che mit anderen \u00dcFAs f\u00fchren<\/li><li>Verwaltung Sozialer Medien<\/li><li>Leitung der ACT-Seite<\/li><\/ul>\n\n\n\n<p><strong>&nbsp; &nbsp; Vorgesetzter:<\/strong>&nbsp; &nbsp; &nbsp; &nbsp; &nbsp; &nbsp; &nbsp; &nbsp; &nbsp; &nbsp; &nbsp; &nbsp; &nbsp; &nbsp; &nbsp; &nbsp; &nbsp; &nbsp; &nbsp;Antonia Gurusamy, Emma Brunner<br><strong>&nbsp; &nbsp; Verantwortungsbereich:<\/strong> &nbsp;&nbsp;&nbsp;&nbsp;&nbsp;&nbsp;&nbsp;&nbsp;&nbsp;&nbsp;&nbsp;&nbsp;&nbsp;&nbsp;&nbsp;&nbsp;  erstreckt sich \u00fcber die gesamte \u00dcFA <\/p>\n\n\n\n<p><strong>&nbsp; &nbsp; Weisungsbefugnis:&nbsp; &nbsp; &nbsp; &nbsp; &nbsp; &nbsp; &nbsp; &nbsp; &nbsp; &nbsp; &nbsp; &nbsp; &nbsp; &nbsp;<\/strong> Weisungsbefugnis \u00fcber alle Abteilungen <\/p>\n\n\n\n<p><strong>&nbsp; &nbsp; Qualifikationen:<\/strong><\/p>\n\n\n\n<ul><li>Teamf\u00e4higkeit<\/li><li>Konfliktf\u00e4hig<\/li><li>F\u00fchrungsqualit\u00e4ten<\/li><li>Zeitmanagement<\/li><li>Belastung<\/li><li>Leadership Qualit\u00e4ten<\/li><\/ul>\n\n\n\n<p><\/p>\n","protected":false},"excerpt":{"rendered":"<p>Aufgaben Aufgaben zuteilen, Prozesse steuern Abteilungen und Mitarbeiter unterst\u00fctzen L\u00f6sungen und Antworten finden Entscheidungen mit Absprache von Mitarbeitern treffen Verhandlungen f\u00fchren Gespr\u00e4che mit anderen \u00dcFAs f\u00fchren Verwaltung Sozialer Medien Leitung der ACT-Seite &nbsp; &nbsp; Vorgesetzter:&nbsp; &nbsp; &nbsp; &nbsp; &nbsp; &nbsp; &nbsp; &nbsp; &nbsp; &nbsp; &nbsp; &nbsp; &nbsp; &nbsp; &nbsp; &nbsp; &nbsp; &nbsp; &nbsp;Antonia Gurusamy, Emma&hellip; <br \/> <a class=\"read-more\" href=\"https:\/\/wordpress.hak-steyr.at\/befair\/mesmerize\/team-befair\/qm-geschaeftsfuehrung\/\">Weiterlesen<\/a><\/p>\n","protected":false},"author":3,"featured_media":0,"parent":48,"menu_order":0,"comment_status":"closed","ping_status":"closed","template":"","meta":[],"_links":{"self":[{"href":"https:\/\/wordpress.hak-steyr.at\/befair\/wp-json\/wp\/v2\/pages\/575"}],"collection":[{"href":"https:\/\/wordpress.hak-steyr.at\/befair\/wp-json\/wp\/v2\/pages"}],"about":[{"href":"https:\/\/wordpress.hak-steyr.at\/befair\/wp-json\/wp\/v2\/types\/page"}],"author":[{"embeddable":true,"href":"https:\/\/wordpress.hak-steyr.at\/befair\/wp-json\/wp\/v2\/users\/3"}],"replies":[{"embeddable":true,"href":"https:\/\/wordpress.hak-steyr.at\/befair\/wp-json\/wp\/v2\/comments?post=575"}],"version-history":[{"count":36,"href":"https:\/\/wordpress.hak-steyr.at\/befair\/wp-json\/wp\/v2\/pages\/575\/revisions"}],"predecessor-version":[{"id":1530,"href":"https:\/\/wordpress.hak-steyr.at\/befair\/wp-json\/wp\/v2\/pages\/575\/revisions\/1530"}],"up":[{"embeddable":true,"href":"https:\/\/wordpress.hak-steyr.at\/befair\/wp-json\/wp\/v2\/pages\/48"}],"wp:attachment":[{"href":"https:\/\/wordpress.hak-steyr.at\/befair\/wp-json\/wp\/v2\/media?parent=575"}],"curies":[{"name":"wp","href":"https:\/\/api.w.org\/{rel}","templated":true}]}}

Geschäftsführung und Qualitätsmanagement

<figure class="wp-block-image size-large"><a href="https://wordpress.hak-steyr.at/befair/wp-content/uploads/2022/11/Geschaeftsfuehrung.jpeg"><img loading="lazy" width="768" height="1024" src="https://wordpress.hak-steyr.at/befair/wp-content/uploads/2022/11/Geschaeftsfuehrung-768x1024.jpeg" alt="" class="wp-image-1529" srcset="https://wordpress.hak-steyr.at/befair/wp-content/uploads/2022/11/Geschaeftsfuehrung-768x1024.jpeg 768w, https://wordpress.hak-steyr.at/befair/wp-content/uploads/2022/11/Geschaeftsfuehrung-225x300.jpeg 225w, https://wordpress.hak-steyr.at/befair/wp-content/uploads/2022/11/Geschaeftsfuehrung-1152x1536.jpeg 1152w, https://wordpress.hak-steyr.at/befair/wp-content/uploads/2022/11/Geschaeftsfuehrung-1024x1365.jpeg 1024w, https://wordpress.hak-steyr.at/befair/wp-content/uploads/2022/11/Geschaeftsfuehrung-810x1080.jpeg 810w, https://wordpress.hak-steyr.at/befair/wp-content/uploads/2022/11/Geschaeftsfuehrung.jpeg 1500w" sizes="(max-width: 768px) 100vw, 768px" /></a></figure>



<h2>Aufgaben</h2>



<ul><li>Aufgaben zuteilen, Prozesse steuern</li><li>Abteilungen und Mitarbeiter unterstützen</li><li>Lösungen und Antworten finden</li><li>Entscheidungen mit Absprache von Mitarbeitern treffen</li><li>Verhandlungen führen</li><li>Gespräche mit anderen ÜFAs führen</li><li>Verwaltung Sozialer Medien</li><li>Leitung der ACT-Seite</li></ul>



<p><strong>&nbsp; &nbsp; Vorgesetzter:</strong>&nbsp; &nbsp; &nbsp; &nbsp; &nbsp; &nbsp; &nbsp; &nbsp; &nbsp; &nbsp; &nbsp; &nbsp; &nbsp; &nbsp; &nbsp; &nbsp; &nbsp; &nbsp; &nbsp;Antonia Gurusamy, Emma Brunner<br><strong>&nbsp; &nbsp; Verantwortungsbereich:</strong> &nbsp;&nbsp;&nbsp;&nbsp;&nbsp;&nbsp;&nbsp;&nbsp;&nbsp;&nbsp;&nbsp;&nbsp;&nbsp;&nbsp;&nbsp;&nbsp;  erstreckt sich über die gesamte ÜFA </p>



<p><strong>&nbsp; &nbsp; Weisungsbefugnis:&nbsp; &nbsp; &nbsp; &nbsp; &nbsp; &nbsp; &nbsp; &nbsp; &nbsp; &nbsp; &nbsp; &nbsp; &nbsp; &nbsp;</strong> Weisungsbefugnis über alle Abteilungen </p>



<p><strong>&nbsp; &nbsp; Qualifikationen:</strong></p>



<ul><li>Teamfähigkeit</li><li>Konfliktfähig</li><li>Führungsqualitäten</li><li>Zeitmanagement</li><li>Belastung</li><li>Leadership Qualitäten</li></ul>



<p></p>

<p>Aufgaben Aufgaben zuteilen, Prozesse steuern Abteilungen und Mitarbeiter unterstützen Lösungen und Antworten finden Entscheidungen mit Absprache von Mitarbeitern treffen Verhandlungen führen Gespräche mit anderen ÜFAs führen Verwaltung Sozialer Medien Leitung der ACT-Seite &nbsp; &nbsp; Vorgesetzter:&nbsp; &nbsp; &nbsp; &nbsp; &nbsp; &nbsp; &nbsp; &nbsp; &nbsp; &nbsp; &nbsp; &nbsp; &nbsp; &nbsp; &nbsp; &nbsp; &nbsp; &nbsp; &nbsp;Antonia Gurusamy, Emma&hellip; <br /> <a class="read-more" href="https://wordpress.hak-steyr.at/befair/mesmerize/team-befair/qm-geschaeftsfuehrung/">Weiterlesen</a></p>
