{"id":712,"date":"2017-05-12T11:12:22","date_gmt":"2017-05-12T09:12:22","guid":{"rendered":"http:\/\/wordpress.hak-steyr.at\/befair\/?page_id=712"},"modified":"2017-05-12T12:17:06","modified_gmt":"2017-05-12T10:17:06","slug":"blick-nach-aussen","status":"publish","type":"page","link":"https:\/\/wordpress.hak-steyr.at\/befair\/virtual-enterprise\/st-gallener-managementmodell\/blick-nach-aussen\/","title":{"rendered":"Blick nach au\u00dfen"},"content":{"rendered":"<h1 style=\"text-align: center;\"><span style=\"color: #339966;\">\u00a0Trends und Entwicklungen<\/span><\/h1>\n<hr \/>\n<h3><b>1.1<span style=\"color: #339966;\"> WIRTSCHAFT:<\/span><br \/>\n<\/b><\/h3>\n<p>Wirtschaft ist f\u00fcr jedes Unternehmen ein entscheidender Faktor. Wir bewegen uns auf dem Finanz-, dem Absatz- und dem Beschaffungsmarkt in der freien Marktwirtschaft. Durch den Euro ist das importieren und exportieren von Waren sehr viel einfacher, da das Geldwertrisiko ausbleibt.<\/p>\n<p>&nbsp;<\/p>\n<h3><b>1.2 <span style=\"color: #339966;\">TECHNOLOGIE:<\/span>\u00a0 <\/b><\/h3>\n<p>Nat\u00fcrlich ist es f\u00fcr ein Unternehmen auch von gro\u00dfer Wichtigkeit, wie sich die Technologie weiterentwickelt. Es ist notwendig immer auf dem technisch neuesten Stand zu sein, um unseren Kunden die bestm\u00f6gliche Ware bieten zu k\u00f6nnen, indem wir nur das Beste in unserem Sortiment anbieten. Computer zu verwenden ist essentiell f\u00fcr unsere Arbeit, da das gesamte ACT-System und unser Unternehmen \u00fcber eine Internetseite existiert.<\/p>\n<p>&nbsp;<\/p>\n<h3><b>1.3 <span style=\"color: #339966;\">NATUR:\u00a0\u00a0\u00a0<\/span><\/b><\/h3>\n<p>F\u00fcr uns sind richtige M\u00fclltrennung und die Verwendung von Mehrwegverpackungen selbstverst\u00e4ndlich, um eine intakte Umwelt auch f\u00fcr zuk\u00fcnftige Generationen zu gew\u00e4hrleisten. Dies wird durch die Verwendung von \u00d6ko-Strom gef\u00f6rdert.<\/p>\n<p>Weiters brauchen wir f\u00fcr die Erstellung des \u00d6kostroms einen Standort mit vielen Sonnenstunden.<\/p>\n<p>&nbsp;<\/p>\n<h3><b>1.4 <span style=\"color: #339966;\">GESELLSCHAFT:\u00a0<\/span> <\/b><\/h3>\n<p>Die Erwartungen der Gesellschaft an uns sind mit fairen und \u00f6kologischen Produkten zu handeln. Somit helfen wir eine \u00f6kologische und nachhaltige Gesellschaft aufzubauen.<\/p>\n<p>&nbsp;<\/p>\n<h1 style=\"text-align: center;\"><span style=\"color: #ff9900;\">\u00a0Interessen &amp; Anforderungen der Anspruchsgruppen<\/span><\/h1>\n<hr \/>\n<h3><b>2.1 <span style=\"color: #ff9900;\">Kapitalgeber:<\/span><\/b><\/h3>\n<p>Im Falle der Befair GmbH sind die Kapitalgeber die Gesellschafter. Alle bringen 50.000,00\u20ac Kapital mit. Laufende Schuldentilgung mit den erwirschafteten Gewinnen.<\/p>\n<p>&nbsp;<\/p>\n<h3><b>2.2 <span style=\"color: #ff9900;\">KundInnen<\/span><\/b><span style=\"color: #ff9900;\"><b>:\u00a0<\/b><\/span><\/h3>\n<p>Unsere Kunden fordern eine gute Qualit\u00e4t (nachhaltige und faire Produktion) der Produkte, eine schnelle und zuverl\u00e4ssige Lieferung, allerdings alles zu fairen Preisen.<\/p>\n<p>&nbsp;<\/p>\n<h3><b>2.3 <span style=\"color: #ff9900;\">MitarbeiterInnen<\/span><\/b><span style=\"color: #ff9900;\"><b>:<\/b><\/span><\/h3>\n<p>Verst\u00e4ndlicherweise verlangen auch die Mitarbeiter der Befair GmbH ein angenehmes Arbeitsklima. Weiters wollen sie die M\u00f6glichkeit\u00a0sich fortbilden zu k\u00f6nnen.<\/p>\n<p>&nbsp;<\/p>\n<h3><b>2.4 <span style=\"color: #ff9900;\">\u00d6ffentlichkeit:\u00a0<\/span><\/b><\/h3>\n<p>Die Hauptverbindung zur \u00d6ffentlichkeit besteht durch unsere Website &#8211; Facebook und Co. Weiters stellen wir Verbindung zur \u00d6ffentlichkeit durch \u00dcbungsfirmenmessen und Angebote her. Au\u00dferdem bekommen wir Besuch von Kunden aus dem Ausland, zum Beispiel aus Spanien oder England.<\/p>\n<p>&nbsp;<\/p>\n<h3><b>2.5 <span style=\"color: #ff9900;\">Lieferanten:\u00a0<\/span><\/b><\/h3>\n<p>Da wir eine \u00dcbungsfirma sind, die nur zu Ausbildungszwecken dient, k\u00f6nnen wir nur bei anderen \u00dcbungsfirmen bestellen. Automotiv AG ist unser Lieferant. Enger Kontakt und gute Zusammenarbeit zur Sicherstellung einer hohen Produktqualit\u00e4t.<\/p>\n<p>&nbsp;<\/p>\n<h3><b>2.6<span style=\"color: #ff9900;\"> Konkurrenz:<\/span><\/b><\/h3>\n<p>Wir leben generell nach dem Motto: Leben und leben lassen! Unsere Konkurrenten sind unsere Freunde. Wir wollen uns gegenseitig unterst\u00fctzen und kaufen deshalb flei\u00dfig bei unseren \u00dcFA Mitbewerbern ein.<\/p>\n<p>&nbsp;<\/p>\n","protected":false},"excerpt":{"rendered":"<p>\u00a0Trends und Entwicklungen 1.1 WIRTSCHAFT: Wirtschaft ist f\u00fcr jedes Unternehmen ein entscheidender Faktor. Wir bewegen uns auf dem Finanz-, dem Absatz- und dem Beschaffungsmarkt in der freien Marktwirtschaft. Durch den Euro ist das importieren und exportieren von Waren sehr viel einfacher, da das Geldwertrisiko ausbleibt. &nbsp; 1.2 TECHNOLOGIE:\u00a0 Nat\u00fcrlich ist es f\u00fcr ein Unternehmen auch&hellip; <br \/> <a class=\"read-more\" href=\"https:\/\/wordpress.hak-steyr.at\/befair\/virtual-enterprise\/st-gallener-managementmodell\/blick-nach-aussen\/\">Weiterlesen<\/a><\/p>\n","protected":false},"author":3,"featured_media":0,"parent":708,"menu_order":0,"comment_status":"closed","ping_status":"closed","template":"","meta":[],"_links":{"self":[{"href":"https:\/\/wordpress.hak-steyr.at\/befair\/wp-json\/wp\/v2\/pages\/712"}],"collection":[{"href":"https:\/\/wordpress.hak-steyr.at\/befair\/wp-json\/wp\/v2\/pages"}],"about":[{"href":"https:\/\/wordpress.hak-steyr.at\/befair\/wp-json\/wp\/v2\/types\/page"}],"author":[{"embeddable":true,"href":"https:\/\/wordpress.hak-steyr.at\/befair\/wp-json\/wp\/v2\/users\/3"}],"replies":[{"embeddable":true,"href":"https:\/\/wordpress.hak-steyr.at\/befair\/wp-json\/wp\/v2\/comments?post=712"}],"version-history":[{"count":5,"href":"https:\/\/wordpress.hak-steyr.at\/befair\/wp-json\/wp\/v2\/pages\/712\/revisions"}],"predecessor-version":[{"id":724,"href":"https:\/\/wordpress.hak-steyr.at\/befair\/wp-json\/wp\/v2\/pages\/712\/revisions\/724"}],"up":[{"embeddable":true,"href":"https:\/\/wordpress.hak-steyr.at\/befair\/wp-json\/wp\/v2\/pages\/708"}],"wp:attachment":[{"href":"https:\/\/wordpress.hak-steyr.at\/befair\/wp-json\/wp\/v2\/media?parent=712"}],"curies":[{"name":"wp","href":"https:\/\/api.w.org\/{rel}","templated":true}]}}