{"id":2,"date":"2022-10-12T16:53:21","date_gmt":"2022-10-12T14:53:21","guid":{"rendered":"https:\/\/wordpress.hak-steyr.at\/bueroundco\/?page_id=2"},"modified":"2025-03-20T15:32:27","modified_gmt":"2025-03-20T14:32:27","slug":"beispiel-seite","status":"publish","type":"page","link":"https:\/\/wordpress.hak-steyr.at\/bueroundco\/beispiel-seite\/","title":{"rendered":"\u00dcber Uns"},"content":{"rendered":"\n<p>Wir stehen f\u00fcr moderne und qualitative B\u00fcrom\u00f6bel. Mit Hochdruck arbeiten wir daran Ihnen und Ihrer Firma eine Freude zu bereiten. Mit vollem Einsatz sorgen wir daf\u00fcr, dass Ihre Bestellungen rechtzeitig und heil in Ihrer Firma ankommen. Auch bei Anfragen stehen wir Ihnen mit guten Preis-Leistungs-Verh\u00e4ltnissen zur Verf\u00fcgung.<\/p>\n\n\n\n<p>Bei diesem Unternehmen handelt sich um eine \u00dcbungsfirma der&nbsp;<a rel=\"noreferrer noopener\" href=\"https:\/\/www.hak-steyr.at\/\" target=\"_blank\">Bundeshandelsakademie&nbsp;HAK Steyr<\/a>&nbsp;die rein aus Lernzwecken praktiziert und nicht mit realer Handelsware handelt.<\/p>\n\n\n\n<div style=\"height:100px\" aria-hidden=\"true\" class=\"wp-block-spacer\"><\/div>\n","protected":false},"excerpt":{"rendered":"<p>Wir stehen f\u00fcr moderne und qualitative B\u00fcrom\u00f6bel. Mit Hochdruck arbeiten wir daran Ihnen und Ihrer Firma eine Freude zu bereiten. Mit vollem Einsatz sorgen wir daf\u00fcr, dass Ihre Bestellungen rechtzeitig und heil in Ihrer Firma ankommen. Auch bei Anfragen stehen wir Ihnen mit guten Preis-Leistungs-Verh\u00e4ltnissen zur Verf\u00fcgung. Bei diesem Unternehmen handelt sich um eine \u00dcbungsfirma [&hellip;]<\/p>\n","protected":false},"author":1,"featured_media":0,"parent":0,"menu_order":0,"comment_status":"closed","ping_status":"open","template":"","meta":{"footnotes":""},"class_list":["post-2","page","type-page","status-publish","hentry"],"_links":{"self":[{"href":"https:\/\/wordpress.hak-steyr.at\/bueroundco\/wp-json\/wp\/v2\/pages\/2","targetHints":{"allow":["GET"]}}],"collection":[{"href":"https:\/\/wordpress.hak-steyr.at\/bueroundco\/wp-json\/wp\/v2\/pages"}],"about":[{"href":"https:\/\/wordpress.hak-steyr.at\/bueroundco\/wp-json\/wp\/v2\/types\/page"}],"author":[{"embeddable":true,"href":"https:\/\/wordpress.hak-steyr.at\/bueroundco\/wp-json\/wp\/v2\/users\/1"}],"replies":[{"embeddable":true,"href":"https:\/\/wordpress.hak-steyr.at\/bueroundco\/wp-json\/wp\/v2\/comments?post=2"}],"version-history":[{"count":5,"href":"https:\/\/wordpress.hak-steyr.at\/bueroundco\/wp-json\/wp\/v2\/pages\/2\/revisions"}],"predecessor-version":[{"id":295,"href":"https:\/\/wordpress.hak-steyr.at\/bueroundco\/wp-json\/wp\/v2\/pages\/2\/revisions\/295"}],"wp:attachment":[{"href":"https:\/\/wordpress.hak-steyr.at\/bueroundco\/wp-json\/wp\/v2\/media?parent=2"}],"curies":[{"name":"wp","href":"https:\/\/api.w.org\/{rel}","templated":true}]}}