{"id":58,"date":"2022-10-15T10:41:27","date_gmt":"2022-10-15T08:41:27","guid":{"rendered":"https:\/\/wordpress.hak-steyr.at\/bueroundco\/?page_id=58"},"modified":"2025-03-20T14:21:06","modified_gmt":"2025-03-20T13:21:06","slug":"act-webshop","status":"publish","type":"page","link":"https:\/\/wordpress.hak-steyr.at\/bueroundco\/unser-angebot\/act-webshop\/","title":{"rendered":"ACT-MARKETPLACE"},"content":{"rendered":"\n<p><strong>Willkommen beim ACT-MARKETPLACE von B\u00fcro&amp;Co!<\/strong><\/p>\n\n\n\n<p><strong>Ein Klick auf unseren&nbsp;ACT-Marketplace-Button&nbsp;erm\u00f6glicht Ihnen die Rund-um-die-Uhr-Bestellung unserer Artikel.<\/strong><\/p>\n\n\n\n<p>Eine \u00dcbungsfirma handelt&nbsp;mit virtuellen Waren und ist rein f\u00fcr \u00dcbungszwecke. Beachten Sie bitte, dass Sie sich in einem virtuellen Online-Shop befinden, bei dem Sie nur mit \u00dcbungsfirmengeld bezahlen k\u00f6nnen!<\/p>\n\n\n\n<div style=\"height:44px\" aria-hidden=\"true\" class=\"wp-block-spacer\"><\/div>\n\n\n\n<p><strong>Hier geht&#8217;s zum Shop:<\/strong><\/p>\n\n\n\n<div class=\"wp-block-buttons is-layout-flex wp-block-buttons-is-layout-flex\">\n<div class=\"wp-block-button is-style-outline is-style-outline--1\"><a class=\"wp-block-button__link wp-element-button\" href=\"https:\/\/marketplace.penworldwide.org\/?enterprisePenCode=AT010001948\" style=\"border-radius:10px\"><strong>ACT-Marketplace<\/strong><\/a><\/div>\n<\/div>\n\n\n\n<div style=\"height:100px\" aria-hidden=\"true\" class=\"wp-block-spacer\"><\/div>\n","protected":false},"excerpt":{"rendered":"<p>Willkommen beim ACT-MARKETPLACE von B\u00fcro&amp;Co! Ein Klick auf unseren&nbsp;ACT-Marketplace-Button&nbsp;erm\u00f6glicht Ihnen die Rund-um-die-Uhr-Bestellung unserer Artikel. Eine \u00dcbungsfirma handelt&nbsp;mit virtuellen Waren und ist rein f\u00fcr \u00dcbungszwecke. Beachten Sie bitte, dass Sie sich in einem virtuellen Online-Shop befinden, bei dem Sie nur mit \u00dcbungsfirmengeld bezahlen k\u00f6nnen! Hier geht&#8217;s zum Shop:<\/p>\n","protected":false},"author":2,"featured_media":0,"parent":12,"menu_order":2,"comment_status":"closed","ping_status":"closed","template":"","meta":{"footnotes":""},"class_list":["post-58","page","type-page","status-publish","hentry"],"_links":{"self":[{"href":"https:\/\/wordpress.hak-steyr.at\/bueroundco\/wp-json\/wp\/v2\/pages\/58","targetHints":{"allow":["GET"]}}],"collection":[{"href":"https:\/\/wordpress.hak-steyr.at\/bueroundco\/wp-json\/wp\/v2\/pages"}],"about":[{"href":"https:\/\/wordpress.hak-steyr.at\/bueroundco\/wp-json\/wp\/v2\/types\/page"}],"author":[{"embeddable":true,"href":"https:\/\/wordpress.hak-steyr.at\/bueroundco\/wp-json\/wp\/v2\/users\/2"}],"replies":[{"embeddable":true,"href":"https:\/\/wordpress.hak-steyr.at\/bueroundco\/wp-json\/wp\/v2\/comments?post=58"}],"version-history":[{"count":8,"href":"https:\/\/wordpress.hak-steyr.at\/bueroundco\/wp-json\/wp\/v2\/pages\/58\/revisions"}],"predecessor-version":[{"id":477,"href":"https:\/\/wordpress.hak-steyr.at\/bueroundco\/wp-json\/wp\/v2\/pages\/58\/revisions\/477"}],"up":[{"embeddable":true,"href":"https:\/\/wordpress.hak-steyr.at\/bueroundco\/wp-json\/wp\/v2\/pages\/12"}],"wp:attachment":[{"href":"https:\/\/wordpress.hak-steyr.at\/bueroundco\/wp-json\/wp\/v2\/media?parent=58"}],"curies":[{"name":"wp","href":"https:\/\/api.w.org\/{rel}","templated":true}]}}