{"id":69,"date":"2022-10-15T10:58:28","date_gmt":"2022-10-15T08:58:28","guid":{"rendered":"https:\/\/wordpress.hak-steyr.at\/bueroundco\/?page_id=69"},"modified":"2025-03-20T14:45:23","modified_gmt":"2025-03-20T13:45:23","slug":"unser-leitbild","status":"publish","type":"page","link":"https:\/\/wordpress.hak-steyr.at\/bueroundco\/beispiel-seite\/unser-leitbild\/","title":{"rendered":"Unser Leitbild"},"content":{"rendered":"\n<p><strong>Vision<\/strong>&nbsp;<br>Wir werden die beste Handels-\u00dcFA im Bereich B\u00fcrom\u00f6bel sein.&nbsp;<\/p>\n\n\n\n<div style=\"height:28px\" aria-hidden=\"true\" class=\"wp-block-spacer\"><\/div>\n\n\n\n<p><strong>Zugeh\u00f6rigkeit<\/strong><br>Bei unserer \u00dcFA handelt es sich um ein g\u00e4nzlich eigenst\u00e4ndiges Unternehmen. Unsere Kunden sind unter anderem Privatpersonen, aber vor allem andere \u00dcFAs am Markt.&nbsp;<\/p>\n\n\n\n<div style=\"height:28px\" aria-hidden=\"true\" class=\"wp-block-spacer\"><\/div>\n\n\n\n<p><strong>Identit\u00e4t<\/strong>\u00a0<br>Wir sind eine \u00dcbungsfirma der BHAK Steyr, welches sich auf den Handel mit B\u00fcrom\u00f6beln spezialisiert hat und Ihr zuverl\u00e4ssiger Partner am \u00dcbungsfirmenmarkt ist.<\/p>\n\n\n\n<div style=\"height:28px\" aria-hidden=\"true\" class=\"wp-block-spacer\"><\/div>\n\n\n\n<p><strong>Glaubenss\u00e4tze und Werte<\/strong>&nbsp;<br>Wir handeln mit nachhaltigen Produkten, welche topmodern und von h\u00f6chster Qualit\u00e4t sind. Das wesentliche Ziel unseres Unternehmens ist, unsere Ertr\u00e4ge zu steigern, um noch wirtschaftlicher arbeiten zu k\u00f6nnen.<\/p>\n\n\n\n<div style=\"height:28px\" aria-hidden=\"true\" class=\"wp-block-spacer\"><\/div>\n\n\n\n<p><strong>F\u00e4higkeiten, Potenziale Strategien<\/strong>&nbsp;<br>Unsere Produkte werden in \u00d6sterreich produziert und k\u00f6nnen somit schnell innerhalb des Landes versandt werden. Trotz lokaler Produktion bieten wir unsere Produkte zu attraktiven Preisen an und konzentrieren uns darauf, auf Ihre W\u00fcnsche einzugehen und uns stetig zu verbessern, um das bestm\u00f6gliche Kauferlebnis f\u00fcr den Kunden zu bieten.&nbsp;<\/p>\n\n\n\n<div style=\"height:28px\" aria-hidden=\"true\" class=\"wp-block-spacer\"><\/div>\n\n\n\n<p><strong>Mitarbeiterorientierung<\/strong>&nbsp;<br><em>Bei uns steht selbstst\u00e4ndiges und motiviertes Arbeiten an oberster Stelle. Durch dieses eigenverantwortliche Wirtschaften entsteht ein gutes, famili\u00e4res Arbeitsklima. Wir erm\u00f6glichen Ihnen eine teamorientierte und engagierte Arbeitsm\u00f6glichkeit. Wir freuen uns darauf, Ihnen Behilflich sein zu k\u00f6nnen!&nbsp;&nbsp;<\/em>&nbsp;<\/p>\n\n\n\n<div style=\"height:28px\" aria-hidden=\"true\" class=\"wp-block-spacer\"><\/div>\n\n\n\n<p><strong>Unser gr\u00f6\u00dftes Anliegen ist Ihre Zufriedenheit!<\/strong>&nbsp;<\/p>\n\n\n\n<div style=\"height:62px\" aria-hidden=\"true\" class=\"wp-block-spacer\"><\/div>\n\n\n\n<p><\/p>\n","protected":false},"excerpt":{"rendered":"<p>Vision&nbsp;Wir werden die beste Handels-\u00dcFA im Bereich B\u00fcrom\u00f6bel sein.&nbsp; Zugeh\u00f6rigkeitBei unserer \u00dcFA handelt es sich um ein g\u00e4nzlich eigenst\u00e4ndiges Unternehmen. Unsere Kunden sind unter anderem Privatpersonen, aber vor allem andere \u00dcFAs am Markt.&nbsp; Identit\u00e4t\u00a0Wir sind eine \u00dcbungsfirma der BHAK Steyr, welches sich auf den Handel mit B\u00fcrom\u00f6beln spezialisiert hat und Ihr zuverl\u00e4ssiger Partner am \u00dcbungsfirmenmarkt [&hellip;]<\/p>\n","protected":false},"author":2,"featured_media":0,"parent":2,"menu_order":4,"comment_status":"closed","ping_status":"closed","template":"","meta":{"footnotes":""},"class_list":["post-69","page","type-page","status-publish","hentry"],"_links":{"self":[{"href":"https:\/\/wordpress.hak-steyr.at\/bueroundco\/wp-json\/wp\/v2\/pages\/69","targetHints":{"allow":["GET"]}}],"collection":[{"href":"https:\/\/wordpress.hak-steyr.at\/bueroundco\/wp-json\/wp\/v2\/pages"}],"about":[{"href":"https:\/\/wordpress.hak-steyr.at\/bueroundco\/wp-json\/wp\/v2\/types\/page"}],"author":[{"embeddable":true,"href":"https:\/\/wordpress.hak-steyr.at\/bueroundco\/wp-json\/wp\/v2\/users\/2"}],"replies":[{"embeddable":true,"href":"https:\/\/wordpress.hak-steyr.at\/bueroundco\/wp-json\/wp\/v2\/comments?post=69"}],"version-history":[{"count":10,"href":"https:\/\/wordpress.hak-steyr.at\/bueroundco\/wp-json\/wp\/v2\/pages\/69\/revisions"}],"predecessor-version":[{"id":486,"href":"https:\/\/wordpress.hak-steyr.at\/bueroundco\/wp-json\/wp\/v2\/pages\/69\/revisions\/486"}],"up":[{"embeddable":true,"href":"https:\/\/wordpress.hak-steyr.at\/bueroundco\/wp-json\/wp\/v2\/pages\/2"}],"wp:attachment":[{"href":"https:\/\/wordpress.hak-steyr.at\/bueroundco\/wp-json\/wp\/v2\/media?parent=69"}],"curies":[{"name":"wp","href":"https:\/\/api.w.org\/{rel}","templated":true}]}}