{"id":16,"date":"2022-11-07T16:02:02","date_gmt":"2022-11-07T15:02:02","guid":{"rendered":"https:\/\/wordpress.hak-steyr.at\/fehritime\/?page_id=16"},"modified":"2025-09-29T15:52:02","modified_gmt":"2025-09-29T13:52:02","slug":"produkte","status":"publish","type":"page","link":"https:\/\/wordpress.hak-steyr.at\/fehritime\/produkte\/","title":{"rendered":"Smartphones"},"content":{"rendered":"\n<p><\/p>\n\n\n\n<p><\/p>\n\n\n\n<div class=\"wp-block-group is-vertical is-content-justification-right is-layout-flex wp-container-core-group-is-layout-b6c475e2 wp-block-group-is-layout-flex\">\n<div class=\"wp-block-group alignwide\"><div class=\"wp-block-group__inner-container is-layout-constrained wp-block-group-is-layout-constrained\">\n<p class=\"has-text-align-right\"><strong><mark style=\"background-color:rgba(0, 0, 0, 0);color:#28398f\" class=\"has-inline-color\">Smartphones der Zukunft<\/mark><\/strong><\/p>\n\n\n\n<div class=\"wp-block-group alignwide\"><div class=\"wp-block-group__inner-container is-layout-constrained wp-block-group-is-layout-constrained\">\n<p class=\"has-text-align-right\" style=\"font-size:14px\">                                                                                                                Sie sind gelangweilt von Ihrem \u00f6den Alltag in der Gegenwart? <\/p>\n\n\n\n<p class=\"has-text-align-right\" style=\"font-size:14px\">Dann haben wir die L\u00f6sung. Unsere Smartphones der Zukunft sind Ihre Rettung.<\/p>\n<\/div><\/div>\n<\/div><\/div>\n<\/div>\n\n\n\n<p class=\"has-text-align-center\"><\/p>\n\n\n\n<p><mark style=\"background-color:rgba(0, 0, 0, 0);color:#28398f\" class=\"has-inline-color\"><strong>Nextron 9000<\/strong><\/mark><\/p>\n\n\n\n<figure class=\"wp-block-image size-full is-resized\"><img loading=\"lazy\" decoding=\"async\" width=\"829\" height=\"831\" src=\"https:\/\/wordpress.hak-steyr.at\/fehritime\/wp-content\/uploads\/2025\/01\/Smartphone-FehriTime-neu-.jpg\" alt=\"\" class=\"wp-image-377\" style=\"width:582px;height:auto\" srcset=\"https:\/\/wordpress.hak-steyr.at\/fehritime\/wp-content\/uploads\/2025\/01\/Smartphone-FehriTime-neu-.jpg 829w, https:\/\/wordpress.hak-steyr.at\/fehritime\/wp-content\/uploads\/2025\/01\/Smartphone-FehriTime-neu--300x300.jpg 300w, https:\/\/wordpress.hak-steyr.at\/fehritime\/wp-content\/uploads\/2025\/01\/Smartphone-FehriTime-neu--150x150.jpg 150w, https:\/\/wordpress.hak-steyr.at\/fehritime\/wp-content\/uploads\/2025\/01\/Smartphone-FehriTime-neu--768x770.jpg 768w\" sizes=\"auto, (max-width: 829px) 100vw, 829px\" \/><\/figure>\n\n\n\n<p><strong>Preis:<\/strong>&nbsp;EUR 1.080,00 (exkl. 20 % USt.)<\/p>\n\n\n\n<ul class=\"wp-block-list\">\n<li>Mit der 3D-Telefonat Funktion kann man mit Menschen telefonieren als w\u00e4ren sie genau daneben. Dies ist m\u00f6glich, indem ein Hologramm projiziert wird.<\/li>\n\n\n\n<li>Man kann das Handy induktiv laden und es enth\u00e4lt eine Reserve Batterie. Wenn das Handy \u00fcberhitzt muss man sich keine Sorgen machen, denn es hat eine selbstk\u00fchlende Funktion.<\/li>\n\n\n\n<li>Das Handy kann die Farbe nach Belieben \u00e4ndern und es ist aus umweltfreundlichem Material hergestellt.<\/li>\n\n\n\n<li>Nextron 9000 erh\u00e4lt eine KI auf menschlichem Niveau und kann durch einen Knopfdruck Bilder drucken<\/li>\n\n\n\n<li>Fortschrittliches Zwei-Kamera-System mit 12 MP Weitwinkel- und Ultraweitwinkel-Objektiven; Fotografische Stile, Smart HDR 4, Nachtmodus, 4K HDR Aufnahme mit Dolby Vision<\/li>\n\n\n\n<li>Displaydiagonale 15 cm \/ 5.9 Zoll<\/li>\n\n\n\n<li>Speicher 128 GB<\/li>\n<\/ul>\n\n\n\n<p><mark style=\"background-color:rgba(0, 0, 0, 0)\" class=\"has-inline-color has-white-color\">a<\/mark><\/p>\n\n\n\n<p><strong><mark style=\"background-color:rgba(0, 0, 0, 0);color:#28398f\" class=\"has-inline-color\">Nextron 9000 PLUS<\/mark><\/strong><\/p>\n\n\n\n<figure class=\"wp-block-image size-full is-resized\"><img loading=\"lazy\" decoding=\"async\" width=\"829\" height=\"831\" src=\"https:\/\/wordpress.hak-steyr.at\/fehritime\/wp-content\/uploads\/2025\/01\/Smartphone-FehriTime-neu-2.jpg\" alt=\"\" class=\"wp-image-378\" style=\"width:600px;height:auto\" srcset=\"https:\/\/wordpress.hak-steyr.at\/fehritime\/wp-content\/uploads\/2025\/01\/Smartphone-FehriTime-neu-2.jpg 829w, https:\/\/wordpress.hak-steyr.at\/fehritime\/wp-content\/uploads\/2025\/01\/Smartphone-FehriTime-neu-2-300x300.jpg 300w, https:\/\/wordpress.hak-steyr.at\/fehritime\/wp-content\/uploads\/2025\/01\/Smartphone-FehriTime-neu-2-150x150.jpg 150w, https:\/\/wordpress.hak-steyr.at\/fehritime\/wp-content\/uploads\/2025\/01\/Smartphone-FehriTime-neu-2-768x770.jpg 768w\" sizes=\"auto, (max-width: 829px) 100vw, 829px\" \/><\/figure>\n\n\n\n<p><strong>Preis:<\/strong>&nbsp;EUR 1.200,00 (exkl. 20 % USt.)<\/p>\n\n\n\n<ul class=\"wp-block-list\">\n<li>Man kann das Handy induktiv laden und es enth\u00e4lt eine Reserve Batterie. Wenn das Handy \u00fcberhitzt muss man sich keine Sorgen machen, denn es hat eine selbstk\u00fchlende Funktion.<\/li>\n\n\n\n<li>Mit der 3D-Telefonat-Funktion kann man mit Menschen telefonieren als w\u00e4ren sie genau daneben. Dies ist m\u00f6glich, indem ein Hologramm projiziert wird.<\/li>\n\n\n\n<li>Das Handy kann die Farbe nach Belieben \u00e4ndern und es ist aus umweltfreundlichem Material hergestellt.<\/li>\n\n\n\n<li>Wenn man das Handy zerkratzt, muss man sich keine Sorgen machen, da es kleine Kratzer selbstst\u00e4ndig reparieren kann.<\/li>\n\n\n\n<li>Nextron 9000 erh\u00e4lt eine KI auf menschlichem Niveau und kann durch einen Knopfdruck Bilder drucken.<\/li>\n\n\n\n<li>Um die Kameraqualit\u00e4t zu verbessern, gibt es die M\u00f6glichkeit die R\u00fcckkamera auszufahren und die Taschenlampe leuchtet 100m in die Weite.<\/li>\n\n\n\n<li>Fortschrittliches Zwei-Kamera-System mit 12 MP Weitwinkel- und Ultraweitwinkel- Objektiben; Fotografische Stile, Smart HDR 4, Nachtmodus, 4K HDR Aufnahme mit Dolby Vision<\/li>\n\n\n\n<li>Beamer-Funktion<\/li>\n\n\n\n<li>Displaydiagonale 17 cm \/ 6.7 Zoll<\/li>\n\n\n\n<li>Speicher 128 GB<\/li>\n<\/ul>\n","protected":false},"excerpt":{"rendered":"<p>Smartphones der Zukunft Sie sind gelangweilt von Ihrem \u00f6den Alltag in der Gegenwart? Dann haben wir die L\u00f6sung. Unsere Smartphones der Zukunft sind Ihre Rettung. Nextron 9000 Preis:&nbsp;EUR 1.080,00 (exkl. &#8230;<\/p>\n","protected":false},"author":3,"featured_media":0,"parent":0,"menu_order":0,"comment_status":"closed","ping_status":"closed","template":"","meta":{"footnotes":""},"class_list":["post-16","page","type-page","status-publish","hentry"],"_links":{"self":[{"href":"https:\/\/wordpress.hak-steyr.at\/fehritime\/wp-json\/wp\/v2\/pages\/16","targetHints":{"allow":["GET"]}}],"collection":[{"href":"https:\/\/wordpress.hak-steyr.at\/fehritime\/wp-json\/wp\/v2\/pages"}],"about":[{"href":"https:\/\/wordpress.hak-steyr.at\/fehritime\/wp-json\/wp\/v2\/types\/page"}],"author":[{"embeddable":true,"href":"https:\/\/wordpress.hak-steyr.at\/fehritime\/wp-json\/wp\/v2\/users\/3"}],"replies":[{"embeddable":true,"href":"https:\/\/wordpress.hak-steyr.at\/fehritime\/wp-json\/wp\/v2\/comments?post=16"}],"version-history":[{"count":10,"href":"https:\/\/wordpress.hak-steyr.at\/fehritime\/wp-json\/wp\/v2\/pages\/16\/revisions"}],"predecessor-version":[{"id":425,"href":"https:\/\/wordpress.hak-steyr.at\/fehritime\/wp-json\/wp\/v2\/pages\/16\/revisions\/425"}],"wp:attachment":[{"href":"https:\/\/wordpress.hak-steyr.at\/fehritime\/wp-json\/wp\/v2\/media?parent=16"}],"curies":[{"name":"wp","href":"https:\/\/api.w.org\/{rel}","templated":true}]}}