{"id":51,"date":"2022-12-01T11:25:54","date_gmt":"2022-12-01T10:25:54","guid":{"rendered":"https:\/\/wordpress.hak-steyr.at\/fehritime\/?page_id=51"},"modified":"2023-03-16T12:56:16","modified_gmt":"2023-03-16T11:56:16","slug":"agb","status":"publish","type":"page","link":"https:\/\/wordpress.hak-steyr.at\/fehritime\/agb\/","title":{"rendered":"AGB"},"content":{"rendered":"\n<p><strong>Allgemeine Gesch\u00e4ftsbedingungen Fehritime<\/strong><\/p>\n\n\n\n<p><strong>I. Geltung<\/strong><br>Die Lieferungen, Leistungen und Angebote unseres Unternehmens erfolgen ausschlie\u00dflich aufgrund dieser Gesch\u00e4ftsbedingungen; entgegenstehende oder von unseren Gesch\u00e4ftsbedingungen abweichende Bedingungen des Kunden erkennen wir nicht an, es sei denn, wir h\u00e4tten ausdr\u00fccklich ihrer Geltung zugestimmt. Vertragserf\u00fcllungshandlungen unsererseits gelten insofern nicht als Zustimmung zu von unseren Bedingungen abweichenden Vertragsbedingungen. Diese Gesch\u00e4ftsbedingungen gelten als Rahmenvereinbarung auch f\u00fcr alle weiteren Rechtsgesch\u00e4fte zwischen den Vertragsparteien.<\/p>\n\n\n\n<p><strong>II. Vertragsabschluss<\/strong><br>Ein Vertragsangebot eines Kunden bedarf einer Auftragsbest\u00e4tigung. Auch das Absenden der vom Kunden bestellten Ware bewirkt den Vertragsabschluss. Werden an uns Angebote gerichtet, so ist der Anbietende eine angemessene, mindestens jedoch 8-t\u00e4gige Frist ab Zugang des Angebotes daran gebunden.<\/p>\n\n\n\n<p><strong>III. Preis<\/strong><br>Alle von uns genannten Preise sind, so ferne nicht anderes ausdr\u00fccklich vermerkt ist, exklusive Umsatzsteuer zu verstehen. Sollten sich die Lohnkosten aufgrund kollektivvertraglicher Regelungen in der Branche oder innerbetrieblicher Abschl\u00fcsse oder sollten sich andere, f\u00fcr die Kalkulation relevante Kostenstellen oder zur Leistungserstellung notwendige Kosten wie jene f\u00fcr Materialien, Energie, Transporte, Fremdarbeiten, Finanzierung etc. ver\u00e4ndern, so sind wir berechtigt, die Preise entsprechend zu erh\u00f6hen oder zu erm\u00e4\u00dfigen. Bei Verbrauchergesch\u00e4ften gilt Pkt. III. nicht.<\/p>\n\n\n\n<p><strong>IV. Zahlungsbedingungen, Verzugszinsen<\/strong><br>Die Zahlung sollte innerhalb von 14 Tagen nach Erhalt der Rechnung erfolgen. Skontoabz\u00fcge bed\u00fcrfen einer gesonderten Vereinbarung. Im Falle des Zahlungsverzuges, auch mit Teilzahlungen, treten auch allf\u00e4llige Skontovereinbarungen au\u00dfer Kraft. Zahlungen des Kunden gelten erst mit dem Zeitpunkt des Einganges auf unserem Gesch\u00e4ftskonto als geleistet.<br>Bei Zahlungsverzug des Kunden sind wir berechtigt, nach unserer Wahl den Ersatz des tats\u00e4chlich entstandenen Schadens oder Verzugszinsen in H\u00f6he von 4 % zu begehren. Unser Unternehmen ist berechtigt im Fall des Zahlungsverzuges des Kunden, ab dem Tag der \u00dcbergabe der Ware auch Zinseszinsen zu verlangen.<\/p>\n\n\n\n<p><strong>V. Vertragsr\u00fccktritt<\/strong><br>Bei Annahmeverzug (Pkt. VII.) oder anderen wichtigen Gr\u00fcnden, wie insbesondere Konkurs des Kunden oder Konkursabweisung mangels Verm\u00f6gens, sowie bei Zahlungsverzug des Kunden sind wir zum R\u00fccktritt vom Vertrag berechtigt, sofern er von beiden Seiten noch nicht zur G\u00e4nze erf\u00fcllt ist. F\u00fcr den Fall des R\u00fccktrittes haben wir bei Verschulden des Kunden die Wahl, einen pauschalierten Schadenersatz von 15 % des Bruttorechnungsbetrages oder den Ersatz des tats\u00e4chlich entstandenen Schadens zu begehren. Bei Zahlungsverzug des Kunden sind wir von allen weiteren Leistungs- und Lieferungsverpflichtungen entbunden und berechtigt, noch ausstehende Lieferungen oder Leistungen zur\u00fcckzuhalten und Vorauszahlungen bzw. Sicherstellungen zu fordern oder nach Setzung einer angemessenen Nachfrist vom Vertrag zur\u00fcckzutreten. Tritt der Kunde &#8211; ohne dazu berechtigt zu sein &#8211; vom Vertrag zur\u00fcck oder begehrt er seine Aufhebung, so haben wir die Wahl, auf die Erf\u00fcllung des Vertrages zu bestehen oder der Aufhebung des Vertrages zuzustimmen; im letzteren Fall ist der Kunde verpflichtet, nach unserer Wahl einen pauschalierten Schadenersatz in<br>H\u00f6he von 15% des Bruttorechnungsbetrages oder den tats\u00e4chlich entstandenen Schaden zu bezahlen.<\/p>\n\n\n\n<p><strong>VI. Mahn- und Inkassospesen<\/strong><br>Der Vertragspartner (Kunde) verpflichtet sich f\u00fcr den Fall des Verzuges, die dem Gl\u00e4ubiger entstehenden Mahn- und Inkassospesen, soweit sie zur zweckentsprechenden Rechtsverfolgung notwendig sind, zu ersetzen, wobei er sich im speziellen verpflichtet, maximal die Verg\u00fctungen des eingeschalteten Inkassoinstitutes zu ersetzen, die sich aus der Verordnung des BMwA \u00fcber die H\u00f6chsts\u00e4tze der Inkassoinstituten geb\u00fchrenden Verg\u00fctungen ergeben. Sofern der Gl\u00e4ubiger das Mahnwesen selbst betreibt, verpflichtet sich der Schuldner, pro erfolgter Mahnung einen Betrag von EUR 10,00.<\/p>\n\n\n\n<p><strong>VII. Lieferung, Transport, Annahmeverzug<\/strong><br>Unsere Verkaufspreise beinhalten keine Kosten f\u00fcr Zustellung. Lieferung frei Haus. Auf Wunsch werden jedoch diese Leistungen gegen gesonderte Bezahlung von uns erbracht bzw. organisiert. Dabei werden f\u00fcr Transport bzw. Zustellung die tats\u00e4chlich aufgewendeten Kosten samt einem angemessenen Regiekostenaufschlag, mindestens jedoch die am Auslieferungstag geltenden oder \u00fcblichen Fracht- und Fuhrl\u00f6hne der gew\u00e4hlten Transportart in Rechnung gestellt..<br>Hat der Kunde die Ware nicht wie vereinbart \u00fcbernommen (Annahmeverzug), sind wir nach erfolgloser Nachfristsetzung berechtigt, die Ware entweder bei uns einzulagern, wof\u00fcr wir eine Lagergeb\u00fchr von 0,1 % des Bruttorechnungsbetrages pro angefangenem Kalendertag in Rechnung stellen, oder auf Kosten und Gefahr des Kunden bei einem dazu befugten Gewerbsmanne einzulagern. Gleichzeitig sind wir berechtigt, entweder auf Vertragserf\u00fcllung zu bestehen, oder nach Setzung einer angemessenen, mindestens 2 Wochen umfassenden Nachfrist vom Vertrag zur\u00fcckzutreten und die Ware anderweitig zu verwerten.<\/p>\n\n\n\n<p><strong>VIII. Lieferfrist<\/strong><br>Zur Leistungsausf\u00fchrung sind wir erst dann verpflichtet, sobald der Kunde all seinen Verpflichtungen, die zur Ausf\u00fchrung erforderlich sind, nachgekommen ist, insbesondere alle technischen und vertraglichen Einzelheiten, Vorarbeiten und Vorbereitungsma\u00dfnahmen erf\u00fcllt hat.<br>Wir sind berechtigt, die vereinbarten Termine und Lieferfristen um bis zu einer Woche zu \u00fcberschreiten. Erst nach Ablauf dieser Frist kann der Kunde nach Setzung einer angemessenen Nachfrist vom Vertrag zur\u00fccktreten.<\/p>\n\n\n\n<p><strong>IX. Erf\u00fcllungsort<\/strong><br>Erf\u00fcllungsort ist der Sitz unseres Unternehmens.<\/p>\n\n\n\n<p><strong>X. Geringf\u00fcgige Leistungs\u00e4nderungen<\/strong><br>Handelt es sich nicht um ein Verbrauchergesch\u00e4ft, gelten geringf\u00fcgige oder sonstige f\u00fcr unsere Kunden zumutbare \u00c4nderungen unserer Leistungs- bzw. Lieferverpflichtung vorweg als genehmigt. Dies gilt insbesondere f\u00fcr durch die Sache bedingte Abweichungen (z.B. bei Farbe, Ma\u00dfe,\u2026..).<\/p>\n\n\n\n<p><strong>XI. Schadenersatz<\/strong><br>S\u00e4mtliche Schadenersatzanspr\u00fcche sind in F\u00e4llen leichter Fahrl\u00e4ssigkeit ausgeschlossen. Dies gilt nicht f\u00fcr Personensch\u00e4den bzw. bei Verbrauchergesch\u00e4ften f\u00fcr Sch\u00e4den an zur Bearbeitung \u00fcbernommenen Sachen. Das Vorliegen von leichter bzw. grober Fahrl\u00e4ssigkeit hat, sofern es sich nicht um ein Verbrauchergesch\u00e4ft handelt, der Gesch\u00e4digte zu beweisen. Handelt es sich nicht um ein Verbrauchergesch\u00e4ft, so betr\u00e4gt die Verj\u00e4hrungsfrist von Schadenersatzanspr\u00fcchen zwei Jahre ab Gefahren\u00fcbergang. Die in diesen Gesch\u00e4ftsbedingungen enthaltenen oder sonst vereinbarten Bestimmungen \u00fcber Schadenersatz gelten auch dann, wenn der Schadenersatzanspruch neben oder anstelle eines Gew\u00e4hrleistungsanspruches geltend gemacht wird.<\/p>\n\n\n\n<p><strong>XII. Produkthaftung<\/strong><br>Regressforderungen im Sinne des \u00a7 12 Produkthaftungsgesetzes sind ausgeschlossen, es sei denn, der Regressberechtigte weist nach, dass der Fehler in unserer Sph\u00e4re verursacht und zumindest grob fahrl\u00e4ssig verschuldet worden ist.<\/p>\n\n\n\n<p><strong>XIII. Eigentumsvorbehalt und dessen Geltendmachung<\/strong><br>Alle Waren werden von uns unter Eigentumsvorbehalt geliefert und bleiben bis zur vollst\u00e4ndigen Bezahlung unser Eigentum. In der Geltendmachung des Eigentumsvorbehaltes liegt nur dann ein R\u00fccktritt vom Vertrag, wenn dieser ausdr\u00fccklich erkl\u00e4rt wird. Bei Warenr\u00fccknahme sind wir berechtigt, angefallene Transport- und Manipulationsspesen zu verrechnen. Bei Zugriffen Dritter auf die Vorbehaltsware &#8211; insbesondere durch Pf\u00e4ndungen &#8211; verpflichtet sich der Kunde, auf unser Eigentum hinzuweisen und uns unverz\u00fcglich zu benachrichtigen. Ist der Kunde Verbraucher oder kein Unternehmer, zu dessen ordentlichem Gesch\u00e4ftsbetrieb der Handel mit den von uns erworbenen Waren geh\u00f6rt, darf er bis zur vollst\u00e4ndigen Begleichung der offenen Kaufpreisforderung \u00fcber die Vorbehaltsware nicht verf\u00fcgen, sie insbesondere nicht verkaufen, verpf\u00e4nden, verschenken oder verleihen. Der Kunde tr\u00e4gt das volle Risiko f\u00fcr die Vorbehaltsware, insbesondere f\u00fcr die Gefahr des Unterganges, des Verlustes oder der Verschlechterung.<\/p>\n\n\n\n<p><strong>XIV. Forderungsabtretungen<\/strong><br>Bei Lieferung unter Eigentumsvorbehalt tritt der Kunde uns schon jetzt seine Forderungen gegen\u00fcber Dritten, soweit diese durch Ver\u00e4u\u00dferung oder Verarbeitung unserer Waren entstehen, bis zur endg\u00fcltigen Bezahlung unserer Forderungen zahlungshalber ab. Der Kunde hat uns auf Verlangen seine Abnehmer zu nennen und diese rechtzeitig von der Zession zu verst\u00e4ndigen. Die Zession ist in den Gesch\u00e4ftsb\u00fcchern, insbesondere in der offenen Posten \u2013 Liste einzutragen und auf Lieferscheinen, Fakturen etc. dem Abnehmer ersichtlich zu machen. Ist der Kunde mit seinen Zahlungen uns gegen\u00fcber im Verzug, so sind die bei ihm eingehenden Verkaufserl\u00f6se abzusondern und hat der Kunde diese nur in unserem Namen inne. Allf\u00e4llige Anspr\u00fcche gegen einen Versicherer sind in den Grenzen des \u00a7 15 Versicherungsvertragsgesetz bereits jetzt an uns abgetreten.<br>Forderungen gegen uns d\u00fcrfen ohne unsere ausdr\u00fcckliche Zustimmung nicht abgetreten werden.<\/p>\n\n\n\n<p><strong>XV. Zur\u00fcckbehaltung<\/strong><br>Handelt es sich nicht um ein Verbrauchergesch\u00e4ft, so ist der Kunde bei gerechtfertigter Reklamation au\u00dfer in den F\u00e4llen der R\u00fcckabwicklung nicht zur Zur\u00fcckhaltung des gesamten, sondern nur eines angemessenen Teiles des Bruttorechnungsbetrages berechtigt.<\/p>\n\n\n\n<p><strong>XVI. Rechtswahl, Gerichtsstand<\/strong><br>Es gilt \u00f6sterreichisches Recht. Die Anwendbarkeit des UN-Kaufrechtes wird ausdr\u00fccklich ausgeschlossen. Die Vertragssprache ist Deutsch. Die Vertragsparteien vereinbaren \u00f6sterreichische, inl\u00e4ndische Gerichtsbarkeit. Handelt es sich nicht um ein Verbrauchergesch\u00e4ft, ist zur Entscheidung aller aus diesem Vertrag entstehenden Streitigkeiten das am Sitz unseres Unternehmens sachlich zust\u00e4ndige Gericht ausschlie\u00dflich \u00f6rtlich zust\u00e4ndig.<\/p>\n\n\n\n<p><strong>XVII. Datenschutz, Adressen\u00e4nderung und Urheberrecht<\/strong><br>Der Kunde erteilt seine Zustimmung, dass auch die im Kaufvertrag mitenthaltenen personenbezogenen Daten in Erf\u00fcllung dieses Vertrages von uns automationsunterst\u00fctzt gespeichert und verarbeitet werden.<br>Der Kunde ist verpflichtet, uns \u00c4nderungen seiner Wohn- bzw. Gesch\u00e4ftsadresse bekanntzugeben, solange das vertragsgegenst\u00e4ndliche Rechtsgesch\u00e4ft nicht beiderseitig vollst\u00e4ndig erf\u00fcllt ist. Wird die Mitteilung unterlassen, so gelten Erkl\u00e4rungen auch dann als zugegangen, falls sie an die zuletzt bekanntgegebene Adresse gesendet werden.<br>Pl\u00e4ne, Skizzen oder sonstige technische Unterlagen bleiben ebenso wie Muster, Kataloge, Prospekte, Abbildungen und dergleichen stets unser geistiges Eigentum; der Kunde erh\u00e4lt daran keine wie immer gearteten Werknutzungs- oder Verwertungsrechten.<\/p>\n\n\n\n<p><strong>XVII. Fernabsatzvertrag<\/strong><\/p>\n\n\n\n<p>Fernabsatzvertr\u00e4ge sind Vertr\u00e4ge, bei denen der Unternehmer oder eine in seinem Namen oder Auftrag handelnde Person und der Verbraucher f\u00fcr die Vertragsverhandlungen und den Vertragsschluss ausschlie\u00dflich Fernkommunikationsmittel verwenden, d.h. der Vertragsschluss kommt z.B. ausschlie\u00dflich \u00fcber Telefon, Fax, Brief oder E-Mail zustande.<\/p>\n\n\n\n<p>Als Verbraucher haben sie bei Fernabsatzvertr\u00e4gen ein 14-t\u00e4giges Widerrufsrecht, wonach sie sich innerhalb von 14 Tagen ohne Angabe von Gr\u00fcnden vom Vertrag l\u00f6sen k\u00f6nnen. Werden Waren \u00fcber den Online-Handel verkauft, so beginnt die Widerrufsfrist, wenn der Verbraucher die Ware erhalten hat. Die Widerrufsfrist beginnt aber erst dann zu laufen, wenn der Unternehmer den Verbraucher auch \u00fcber sein Widerrufsrecht unterrichtet hat.<\/p>\n\n\n\n<p>Im Falle einer fehlenden oder nicht ordnungsgem\u00e4\u00dfen Widerrufsbelehrung verl\u00e4ngert<br>sich das Widerrufsrecht des Verbrauchers nach Ablauf der 14-t\u00e4gigen Frist auf 12 Monate. Das Widerrufsrecht erlischt damit erst sp\u00e4testens nach 12 Monaten und 14 Tagen.<br><br><\/p>\n\n\n\n<p>Einem Verbraucher senden wir mit der Bestellbest\u00e4tigung auch die Widerrufsbelehrung mit dem entsprechenden Muster-Widerrufsformular per Mail oder per Brief zu.Wir erstatten dem Verbraucher im Falle eines Widerrufs auch die Kosten der Hinsendung. Hat der Verbraucher aber eine teurere Versandart, als die vom Unternehmer angebotene g\u00fcnstigere Standardlieferung gew\u00e4hlt, z.B. eine Express-Lieferung gew\u00fcnscht, so hat der Verbraucher die hierf\u00fcr angefallenen Zuschl\u00e4ge selbst zu tragen. Die R\u00fccksendekosten hat hingegen der Verbraucher, unabh\u00e4ngig vom Warenwert, zu tragen, wenn er vor Vertragsschluss dar\u00fcber ordnungsgem\u00e4\u00df belehrt wurde.<\/p>\n\n\n\n<p>Das Gesetz bestimmt einige Ausnahmef\u00e4lle, in denen dem Verbraucher kein Widerrufsrecht zusteht, sofern die Parteien nichts anderes vereinbart haben. Zu den Ausnahmen z\u00e4hlen unter anderem:<\/p>\n\n\n\n<p>\u00b7 Die Lieferung von Waren, welche nicht vorgefertigt sind und f\u00fcr deren Herstellung eine individuelle Auswahl oder Bestimmung durch den Verbraucher ma\u00dfgeblich ist, oder die auf die pers\u00f6nlichen Bed\u00fcrfnisse des Verbrauchers zugeschnitten sind.<\/p>\n\n\n\n<p>\u00b7 Waren, die nach ihrer Lieferung untrennbar mit anderen G\u00fctern vermischt werden.<br>\u00b7 bei Lieferung von Waren, die schnell verderben k\u00f6nnen (z.B. Torten, Fleisch- und Wurstwaren).<br><br><\/p>\n\n\n\n<p><strong>Widerrufsbelehrung \u2013 Kaufvertrag<\/strong><\/p>\n\n\n\n<p>Sie haben das Recht, binnen vierzehn Tagen ohne Angabe von Gr\u00fcnden diesen Vertrag zu widerrufen. Die Widerrufsfrist betr\u00e4gt <strong>vierzehn Tage<\/strong> ab dem Tag, an dem Sie oder ein von Ihnen benannter Dritter, der nicht der Bef\u00f6rderer ist, die Waren in Besitz genommen haben bzw. hat.<\/p>\n\n\n\n<p>Um Ihr Widerrufsrecht auszu\u00fcben, m\u00fcssen Sie uns (F\u00fcgen Sie Ihren Namen, Anschrift und, soweit verf\u00fcgbar, Telefonnummer, Telefaxnummer und E-Mail- Adresse ein) mittels einer eindeutigen Erkl\u00e4rung (z.B. ein mit der Post versandter Brief, Telefax oder E-Mail) \u00fcber Ihren Entschluss, diesen Vertrag zu widerrufen, informieren. Sie k\u00f6nnen daf\u00fcr das beigef\u00fcgte Muster-Widerrufsformular verwenden, das jedoch nicht vorgeschrieben ist. Zur Wahrung der Widerrufsfrist reicht es aus, dass Sie die Mitteilung \u00fcber die Aus\u00fcbung des Widerrufsrechts vor Ablauf der Widerrufsfrist absenden.<br><br><\/p>\n\n\n\n<p>Wenn Sie diesen Vertrag widerrufen, haben wir Ihnen alle Zahlungen, die wir von Ihnen erhalten haben, einschlie\u00dflich der Lieferkosten (mit Ausnahme der zus\u00e4tzlichen Kosten, die sich daraus ergeben, dass Sie eine andere Art der Lieferung als die von uns angebotene, g\u00fcnstigste Standardlieferung gew\u00e4hlt haben), unverz\u00fcglich und sp\u00e4testens binnen vierzehn Tagen ab dem Tag zur\u00fcckzuzahlen, an dem die Mitteilung \u00fcber Ihren Widerruf dieses Vertrags bei uns eingegangen ist. F\u00fcr diese R\u00fcckzahlung verwenden wir dasselbe Zahlungsmittel, das Sie bei der urspr\u00fcnglichen Transaktion eingesetzt haben, es sei denn, mit Ihnen wurde ausdr\u00fccklich etwas anderes vereinbart; in keinem Fall werden Ihnen wegen dieser R\u00fcckzahlung Entgelte berechnet. Wir k\u00f6nnen die R\u00fcckzahlung verweigern, bis wir die Waren wieder zur\u00fcckerhalten haben oder bis Sie den Nachweis erbracht haben, dass Sie die Waren zur\u00fcckgesandt haben, je nachdem, welches der fr\u00fchere Zeitpunkt ist.<\/p>\n\n\n\n<p>Sie haben die Waren unverz\u00fcglich und in jedem Fall sp\u00e4testens binnen vierzehn Tagen ab dem Tag, an dem Sie uns \u00fcber den Widerruf dieses Vertrages unterrichten, an uns zur\u00fcckzusenden oder zu \u00fcbergeben. Die Frist ist gewahrt, wenn Sie die Waren vor Ablauf der Frist von vierzehn Tagen absenden.<\/p>\n\n\n\n<p>Sie tragen die unmittelbaren Kosten der R\u00fccksendung der Waren. Sie m\u00fcssen f\u00fcr einen etwaigen Wertverlust der Waren nur aufkommen, wenn dieser Wertverlust auf einen zur Pr\u00fcfung der Beschaffenheit, Eigenschaften und Funktionsweise der Waren nicht notwendigen Umgang mit ihnen zur\u00fcckzuf\u00fchren ist.<\/p>\n\n\n\n<p><strong>Widerrufsformular<br><\/strong>(Wenn Sie den Vertrag widerrufen wollen, dann f\u00fcllen Sie bitte dieses Formular aus und senden Sie es zeitgerecht zur\u00fcck.)<\/p>\n\n\n\n<p>An: Fehri Time<\/p>\n\n\n\n<p>&nbsp;Leopold-Werndl-Stra\u00dfe 7<\/p>\n\n\n\n<p>&nbsp;4400 Steyr<\/p>\n\n\n\n<p>&nbsp;E-Mail <a href=\"mailto:fehritime2864@uebungsfirmen.at\">fehritime2864@uebungsfirmen.at<\/a><\/p>\n\n\n\n<p>Verbraucher: (Name und Anschrift) \u2026\u2026\u2026\u2026\u2026\u2026.\u2026\u2026\u2026\u2026\u2026\u2026\u2026\u2026\u2026\u2026\u2026\u2026\u2026\u2026\u2026\u2026\u2026\u2026\u2026\u2026\u2026\u2026\u2026\u2026\u2026\u2026\u2026\u2026\u2026\u2026\u2026\u2026<\/p>\n\n\n\n<p>Hiermit widerrufe\/n ich\/wir den von mir\/uns abgeschlossenen Vertrag \u00fcber den Kauf folgender Ware:<\/p>\n\n\n\n<p>Bestellungsdetails: \u2026\u2026\u2026\u2026\u2026\u2026\u2026\u2026\u2026\u2026\u2026\u2026\u2026\u2026\u2026\u2026\u2026\u2026\u2026\u2026\u2026\u2026\u2026\u2026\u2026\u2026\u2026\u2026\u2026\u2026\u2026\u2026\u2026\u2026\u2026\u2026\u2026\u2026\u2026\u2026\u2026\u2026\u2026\u2026\u2026\u2026\u2026\u2026<\/p>\n\n\n\n<p>Bestellt am\/erhalten am: \u2026\u2026\u2026\u2026\u2026\u2026\u2026\u2026\u2026\u2026\u2026\u2026\u2026\u2026\u2026\u2026\u2026\u2026\u2026\u2026\u2026\u2026\u2026\u2026\u2026\u2026\u2026\u2026\u2026\u2026\u2026\u2026\u2026\u2026\u2026\u2026\u2026\u2026\u2026\u2026\u2026\u2026\u2026\u2026.<\/p>\n\n\n\n<p>Datum: \u2026\u2026\u2026\u2026\u2026\u2026\u2026\u2026\u2026\u2026\u2026\u2026\u2026\u2026\u2026\u2026<\/p>\n","protected":false},"excerpt":{"rendered":"<p>Allgemeine Gesch\u00e4ftsbedingungen Fehritime I. GeltungDie Lieferungen, Leistungen und Angebote unseres Unternehmens erfolgen ausschlie\u00dflich aufgrund dieser Gesch\u00e4ftsbedingungen; entgegenstehende oder von unseren Gesch\u00e4ftsbedingungen abweichende Bedingungen des Kunden erkennen wir nicht an, es &#8230;<\/p>\n","protected":false},"author":3,"featured_media":0,"parent":0,"menu_order":0,"comment_status":"closed","ping_status":"closed","template":"","meta":{"footnotes":""},"class_list":["post-51","page","type-page","status-publish","hentry"],"_links":{"self":[{"href":"https:\/\/wordpress.hak-steyr.at\/fehritime\/wp-json\/wp\/v2\/pages\/51","targetHints":{"allow":["GET"]}}],"collection":[{"href":"https:\/\/wordpress.hak-steyr.at\/fehritime\/wp-json\/wp\/v2\/pages"}],"about":[{"href":"https:\/\/wordpress.hak-steyr.at\/fehritime\/wp-json\/wp\/v2\/types\/page"}],"author":[{"embeddable":true,"href":"https:\/\/wordpress.hak-steyr.at\/fehritime\/wp-json\/wp\/v2\/users\/3"}],"replies":[{"embeddable":true,"href":"https:\/\/wordpress.hak-steyr.at\/fehritime\/wp-json\/wp\/v2\/comments?post=51"}],"version-history":[{"count":9,"href":"https:\/\/wordpress.hak-steyr.at\/fehritime\/wp-json\/wp\/v2\/pages\/51\/revisions"}],"predecessor-version":[{"id":255,"href":"https:\/\/wordpress.hak-steyr.at\/fehritime\/wp-json\/wp\/v2\/pages\/51\/revisions\/255"}],"wp:attachment":[{"href":"https:\/\/wordpress.hak-steyr.at\/fehritime\/wp-json\/wp\/v2\/media?parent=51"}],"curies":[{"name":"wp","href":"https:\/\/api.w.org\/{rel}","templated":true}]}}