{"id":85,"date":"2022-12-01T12:33:52","date_gmt":"2022-12-01T11:33:52","guid":{"rendered":"https:\/\/wordpress.hak-steyr.at\/fehritime\/?page_id=85"},"modified":"2025-09-29T16:20:53","modified_gmt":"2025-09-29T14:20:53","slug":"uhren","status":"publish","type":"page","link":"https:\/\/wordpress.hak-steyr.at\/fehritime\/uhren\/","title":{"rendered":"Uhren"},"content":{"rendered":"\n<p class=\"has-text-align-right\"><strong><mark style=\"background-color:rgba(0, 0, 0, 0);color:#28398f\" class=\"has-inline-color\">Uhren der Zukunft<\/mark><\/strong><\/p>\n\n\n\n<p class=\"has-text-align-right\">Sie wollen Ihre Work-Life Balance im Auge behalten und Ihre Zeit sinnvoll nutzen?<\/p>\n\n\n\n<p class=\"has-text-align-right\">Unsere Uhren helfen Ihnen dabei! Qualitativ hochwertige Uhren mit futuristischen Merkmalen finden Sie hier bei uns, Fehritime!<\/p>\n\n\n\n<p><\/p>\n\n\n\n<p><strong><mark style=\"background-color:rgba(0, 0, 0, 0);color:#28398f\" class=\"has-inline-color\">Smart Sport<\/mark><\/strong><\/p>\n\n\n\n<figure class=\"wp-block-image size-full is-resized\"><img loading=\"lazy\" decoding=\"async\" width=\"719\" height=\"716\" src=\"https:\/\/wordpress.hak-steyr.at\/fehritime\/wp-content\/uploads\/2025\/01\/Smart-Sport-1.0.png\" alt=\"\" class=\"wp-image-371\" style=\"width:517px;height:auto\" srcset=\"https:\/\/wordpress.hak-steyr.at\/fehritime\/wp-content\/uploads\/2025\/01\/Smart-Sport-1.0.png 719w, https:\/\/wordpress.hak-steyr.at\/fehritime\/wp-content\/uploads\/2025\/01\/Smart-Sport-1.0-300x300.png 300w, https:\/\/wordpress.hak-steyr.at\/fehritime\/wp-content\/uploads\/2025\/01\/Smart-Sport-1.0-150x150.png 150w\" sizes=\"auto, (max-width: 719px) 100vw, 719px\" \/><\/figure>\n\n\n\n<p><strong>Preis:&nbsp;<\/strong>EUR 250,00 (exkl. 20% USt)<\/p>\n\n\n\n<ul class=\"wp-block-list\">\n<li>Mit dem GPS Modell kann man Anrufe annehmen und Textnachrichten vom Handgelenk aus beantworten.<\/li>\n\n\n\n<li>Das Always-On Retina Display ist dazu da, damit man alles besser sehen und einfacher bedienen kann.<\/li>\n\n\n\n<li>Das bruchsicherste Frontglas, das eine Smart Watch je hatte, staubgesch\u00fctzt und wasserdicht<\/li>\n\n\n\n<li>Misst den Sauerstoffgehalt im Blut mit einem leistungsstarken Sensor und einer App.<\/li>\n\n\n\n<li>Man erh\u00e4lt Mitteilungen bei hoher und niedriger Herzfrequenz und bei unregelm\u00e4\u00dfigem Herzrhytmus<\/li>\n\n\n\n<li>Durch einen eingebauten 3D-Drucker werden Sachen von Tr\u00e4umen zur Wirklichkeit.<\/li>\n\n\n\n<li>Das neue entwickelte Display ist mit hochwertigem Edelstahl ausgestattet und kann auf die ganze Wand projiziert werden.<\/li>\n\n\n\n<li>Gr\u00f6\u00dfe 41 mm<\/li>\n<\/ul>\n\n\n\n<p><mark style=\"background-color:rgba(0, 0, 0, 0)\" class=\"has-inline-color has-white-color\">a<\/mark><\/p>\n\n\n\n<p><mark style=\"background-color:rgba(0, 0, 0, 0);color:#28398f\" class=\"has-inline-color\"><strong>All You Want<\/strong><\/mark><\/p>\n\n\n\n<figure class=\"wp-block-image size-full is-resized\"><img loading=\"lazy\" decoding=\"async\" width=\"571\" height=\"575\" src=\"https:\/\/wordpress.hak-steyr.at\/fehritime\/wp-content\/uploads\/2025\/01\/All-You-Want-1.png\" alt=\"\" class=\"wp-image-374\" style=\"width:535px;height:auto\" srcset=\"https:\/\/wordpress.hak-steyr.at\/fehritime\/wp-content\/uploads\/2025\/01\/All-You-Want-1.png 571w, https:\/\/wordpress.hak-steyr.at\/fehritime\/wp-content\/uploads\/2025\/01\/All-You-Want-1-298x300.png 298w, https:\/\/wordpress.hak-steyr.at\/fehritime\/wp-content\/uploads\/2025\/01\/All-You-Want-1-150x150.png 150w\" sizes=\"auto, (max-width: 571px) 100vw, 571px\" \/><\/figure>\n\n\n\n<p><strong>Preis:&nbsp;<\/strong>EUR 360,00 (exkl. 20% USt)<\/p>\n\n\n\n<ul class=\"wp-block-list\">\n<li>Das Armband aus Gummi hat einen eingebauten Parf\u00fcmspender der bei unangenehmen Ger\u00fcchen automatisch ausgel\u00f6st wird.<\/li>\n\n\n\n<li>\u00d6ffnet man das Geh\u00e4use der Uhr, findet man einen eingebauten Flachmann, der automatisch mit dem Lieblingsgetr\u00e4nk aufgef\u00fcllt wird.<\/li>\n\n\n\n<li>Sehr robuste Uhr \u2013 Perfekt f\u00fcr den Alltag geeignet \u2013 durch geh\u00e4rtetes Edelstahl<\/li>\n\n\n\n<li>Kratzfestes Saphirglas \u2013 Keine Kratzer m\u00f6glich<\/li>\n\n\n\n<li>Limited Edition \u2013 Weltweit nur 1000 St\u00fcck erh\u00e4ltlich<\/li>\n\n\n\n<li>Zifferblatt aus echtem Karbon mit Diamanten<\/li>\n\n\n\n<li>Gr\u00f6\u00dfe 44 mm<\/li>\n<\/ul>\n","protected":false},"excerpt":{"rendered":"<p>Uhren der Zukunft Sie wollen Ihre Work-Life Balance im Auge behalten und Ihre Zeit sinnvoll nutzen? Unsere Uhren helfen Ihnen dabei! Qualitativ hochwertige Uhren mit futuristischen Merkmalen finden Sie hier &#8230;<\/p>\n","protected":false},"author":3,"featured_media":0,"parent":0,"menu_order":0,"comment_status":"closed","ping_status":"closed","template":"","meta":{"footnotes":""},"class_list":["post-85","page","type-page","status-publish","hentry"],"_links":{"self":[{"href":"https:\/\/wordpress.hak-steyr.at\/fehritime\/wp-json\/wp\/v2\/pages\/85","targetHints":{"allow":["GET"]}}],"collection":[{"href":"https:\/\/wordpress.hak-steyr.at\/fehritime\/wp-json\/wp\/v2\/pages"}],"about":[{"href":"https:\/\/wordpress.hak-steyr.at\/fehritime\/wp-json\/wp\/v2\/types\/page"}],"author":[{"embeddable":true,"href":"https:\/\/wordpress.hak-steyr.at\/fehritime\/wp-json\/wp\/v2\/users\/3"}],"replies":[{"embeddable":true,"href":"https:\/\/wordpress.hak-steyr.at\/fehritime\/wp-json\/wp\/v2\/comments?post=85"}],"version-history":[{"count":7,"href":"https:\/\/wordpress.hak-steyr.at\/fehritime\/wp-json\/wp\/v2\/pages\/85\/revisions"}],"predecessor-version":[{"id":426,"href":"https:\/\/wordpress.hak-steyr.at\/fehritime\/wp-json\/wp\/v2\/pages\/85\/revisions\/426"}],"wp:attachment":[{"href":"https:\/\/wordpress.hak-steyr.at\/fehritime\/wp-json\/wp\/v2\/media?parent=85"}],"curies":[{"name":"wp","href":"https:\/\/api.w.org\/{rel}","templated":true}]}}