{"id":7,"date":"2025-10-01T11:42:21","date_gmt":"2025-10-01T09:42:21","guid":{"rendered":"https:\/\/wordpress.hak-steyr.at\/innorobbers\/?page_id=7"},"modified":"2025-11-19T12:20:36","modified_gmt":"2025-11-19T11:20:36","slug":"home","status":"publish","type":"page","link":"https:\/\/wordpress.hak-steyr.at\/innorobbers\/","title":{"rendered":"WELCOME!"},"content":{"rendered":"<div class=\"wp-block-image\">\n<figure class=\"aligncenter size-full\"><img loading=\"lazy\" decoding=\"async\" width=\"2048\" height=\"1286\" src=\"https:\/\/wordpress.hak-steyr.at\/innorobbers\/wp-content\/uploads\/2025\/11\/DSCF1546.jpg\" alt=\"\" class=\"wp-image-117\" srcset=\"https:\/\/wordpress.hak-steyr.at\/innorobbers\/wp-content\/uploads\/2025\/11\/DSCF1546.jpg 2048w, https:\/\/wordpress.hak-steyr.at\/innorobbers\/wp-content\/uploads\/2025\/11\/DSCF1546-300x188.jpg 300w, https:\/\/wordpress.hak-steyr.at\/innorobbers\/wp-content\/uploads\/2025\/11\/DSCF1546-1024x643.jpg 1024w, https:\/\/wordpress.hak-steyr.at\/innorobbers\/wp-content\/uploads\/2025\/11\/DSCF1546-768x482.jpg 768w, https:\/\/wordpress.hak-steyr.at\/innorobbers\/wp-content\/uploads\/2025\/11\/DSCF1546-1536x965.jpg 1536w\" sizes=\"auto, (max-width: 2048px) 100vw, 2048px\" \/><\/figure>\n<\/div>\n\n\n<div style=\"height:36px\" aria-hidden=\"true\" class=\"wp-block-spacer\"><\/div>\n\n\n\n<h2 class=\"wp-block-heading\"><strong>Innorobbers ist weit mehr als ein Shop f\u00fcr biologische und regionale Produkte \u2013 wir sind Antrieb, Ideenmotor und Innovationsschmiede.<\/strong><br><\/h2>\n\n\n\n<p>Mit frischem Denken, Mut zum Ausprobieren und echtem Engagement bringen wir Nachhaltigkeit, Genuss und Fortschritt zusammen.<\/p>\n\n\n\n<p>Unsere Marketingcrew sorgt t\u00e4glich daf\u00fcr, dass nicht nur unsere eigenen Produkte gl\u00e4nzen, sondern auch die Highlights von <strong>Boards &amp; More<\/strong> ihren Weg zu den Menschen finden. Wir zeigen, wie lebendig ein gesunder Lifestyle sein kann. Mit Freude an Bewegung, Begeisterung f\u00fcr Sport und einem Bewusstsein f\u00fcr gute Ern\u00e4hrung.<\/p>\n\n\n\n<p><strong>Innorobbers \u2013 wo Innovation beginnt, Teamgeist wirkt und das Leben ein St\u00fcck ges\u00fcnder wird.<\/strong><\/p>\n","protected":false},"excerpt":{"rendered":"<p>Innorobbers ist weit mehr als ein Shop f\u00fcr biologische und regionale Produkte \u2013 wir sind Antrieb, Ideenmotor und Innovationsschmiede. Mit frischem Denken, Mut zum Ausprobieren [&hellip;]<\/p>\n","protected":false},"author":2,"featured_media":58,"parent":0,"menu_order":0,"comment_status":"closed","ping_status":"closed","template":"","meta":{"footnotes":""},"class_list":["post-7","page","type-page","status-publish","has-post-thumbnail","hentry"],"_links":{"self":[{"href":"https:\/\/wordpress.hak-steyr.at\/innorobbers\/wp-json\/wp\/v2\/pages\/7","targetHints":{"allow":["GET"]}}],"collection":[{"href":"https:\/\/wordpress.hak-steyr.at\/innorobbers\/wp-json\/wp\/v2\/pages"}],"about":[{"href":"https:\/\/wordpress.hak-steyr.at\/innorobbers\/wp-json\/wp\/v2\/types\/page"}],"author":[{"embeddable":true,"href":"https:\/\/wordpress.hak-steyr.at\/innorobbers\/wp-json\/wp\/v2\/users\/2"}],"replies":[{"embeddable":true,"href":"https:\/\/wordpress.hak-steyr.at\/innorobbers\/wp-json\/wp\/v2\/comments?post=7"}],"version-history":[{"count":20,"href":"https:\/\/wordpress.hak-steyr.at\/innorobbers\/wp-json\/wp\/v2\/pages\/7\/revisions"}],"predecessor-version":[{"id":147,"href":"https:\/\/wordpress.hak-steyr.at\/innorobbers\/wp-json\/wp\/v2\/pages\/7\/revisions\/147"}],"wp:featuredmedia":[{"embeddable":true,"href":"https:\/\/wordpress.hak-steyr.at\/innorobbers\/wp-json\/wp\/v2\/media\/58"}],"wp:attachment":[{"href":"https:\/\/wordpress.hak-steyr.at\/innorobbers\/wp-json\/wp\/v2\/media?parent=7"}],"curies":[{"name":"wp","href":"https:\/\/api.w.org\/{rel}","templated":true}]}}