{"version":"1.0","provider_name":"insight7","provider_url":"https:\/\/wordpress.hak-steyr.at\/insight7","author_name":"Redakteur.in Insight7","author_url":"https:\/\/wordpress.hak-steyr.at\/insight7\/author\/redakteurin-insight7\/","title":"Fr\u00fchlings- und Sommeraktivit\u00e4ten - insight7","type":"rich","width":600,"height":338,"html":"<blockquote class=\"wp-embedded-content\" data-secret=\"8uPQkpE9Mj\"><a href=\"https:\/\/wordpress.hak-steyr.at\/insight7\/2022\/05\/23\/fruehlings-und-sommeraktivitaeten\/\">Fr\u00fchlings- und Sommeraktivit\u00e4ten<\/a><\/blockquote><iframe sandbox=\"allow-scripts\" security=\"restricted\" src=\"https:\/\/wordpress.hak-steyr.at\/insight7\/2022\/05\/23\/fruehlings-und-sommeraktivitaeten\/embed\/#?secret=8uPQkpE9Mj\" width=\"600\" height=\"338\" title=\"&#8222;Fr\u00fchlings- und Sommeraktivit\u00e4ten&#8220; &#8211; insight7\" data-secret=\"8uPQkpE9Mj\" frameborder=\"0\" marginwidth=\"0\" marginheight=\"0\" scrolling=\"no\" class=\"wp-embedded-content\"><\/iframe><script type=\"text\/javascript\">\n\/* <![CDATA[ *\/\n\/*! This file is auto-generated *\/\n!function(d,l){\"use strict\";l.querySelector&&d.addEventListener&&\"undefined\"!=typeof URL&&(d.wp=d.wp||{},d.wp.receiveEmbedMessage||(d.wp.receiveEmbedMessage=function(e){var t=e.data;if((t||t.secret||t.message||t.value)&&!\/[^a-zA-Z0-9]\/.test(t.secret)){for(var s,r,n,a=l.querySelectorAll('iframe[data-secret=\"'+t.secret+'\"]'),o=l.querySelectorAll('blockquote[data-secret=\"'+t.secret+'\"]'),c=new RegExp(\"^https?:$\",\"i\"),i=0;i<o.length;i++)o[i].style.display=\"none\";for(i=0;i<a.length;i++)s=a[i],e.source===s.contentWindow&&(s.removeAttribute(\"style\"),\"height\"===t.message?(1e3<(r=parseInt(t.value,10))?r=1e3:~~r<200&&(r=200),s.height=r):\"link\"===t.message&&(r=new URL(s.getAttribute(\"src\")),n=new URL(t.value),c.test(n.protocol))&&n.host===r.host&&l.activeElement===s&&(d.top.location.href=t.value))}},d.addEventListener(\"message\",d.wp.receiveEmbedMessage,!1),l.addEventListener(\"DOMContentLoaded\",function(){for(var e,t,s=l.querySelectorAll(\"iframe.wp-embedded-content\"),r=0;r<s.length;r++)(t=(e=s[r]).getAttribute(\"data-secret\"))||(t=Math.random().toString(36).substring(2,12),e.src+=\"#?secret=\"+t,e.setAttribute(\"data-secret\",t)),e.contentWindow.postMessage({message:\"ready\",secret:t},\"*\")},!1)))}(window,document);\n\/* ]]> *\/\n<\/script>\n","thumbnail_url":"https:\/\/wordpress.hak-steyr.at\/insight7\/wp-content\/uploads\/2022\/05\/Sommeraktivitaeten.jpeg","thumbnail_width":2016,"thumbnail_height":1512,"description":"Der Sommer kommt, es wird immer w\u00e4rmer drau\u00dfen und man kann auch immer mehr im Freien unternehmen. Einige Ideen f\u00fcr Freizeitaktivit\u00e4ten werde ich euch heute vorstellen. Entlang der Steyr kann man nicht nur entspannt Joggen gehen, sondern auch Krafttraining drau\u00dfen machen. Im Kraftgarten in Garsten gibt es viele verschiedene Stationen, bei denen man unterschiedliche Muskelgruppen [&hellip;]"}

Frühlings- und Sommeraktivitäten - insight7

<blockquote class="wp-embedded-content" data-secret="8uPQkpE9Mj"><a href="https://wordpress.hak-steyr.at/insight7/2022/05/23/fruehlings-und-sommeraktivitaeten/">Frühlings- und Sommeraktivitäten</a></blockquote><iframe sandbox="allow-scripts" security="restricted" src="https://wordpress.hak-steyr.at/insight7/2022/05/23/fruehlings-und-sommeraktivitaeten/embed/#?secret=8uPQkpE9Mj" width="600" height="338" title="&#8222;Frühlings- und Sommeraktivitäten&#8220; &#8211; insight7" data-secret="8uPQkpE9Mj" frameborder="0" marginwidth="0" marginheight="0" scrolling="no" class="wp-embedded-content"></iframe><script type="text/javascript">
/* <![CDATA[ */
/*! This file is auto-generated */
!function(d,l){"use strict";l.querySelector&&d.addEventListener&&"undefined"!=typeof URL&&(d.wp=d.wp||{},d.wp.receiveEmbedMessage||(d.wp.receiveEmbedMessage=function(e){var t=e.data;if((t||t.secret||t.message||t.value)&&!/[^a-zA-Z0-9]/.test(t.secret)){for(var s,r,n,a=l.querySelectorAll('iframe[data-secret="'+t.secret+'"]'),o=l.querySelectorAll('blockquote[data-secret="'+t.secret+'"]'),c=new RegExp("^https?:$","i"),i=0;i<o.length;i++)o[i].style.display="none";for(i=0;i<a.length;i++)s=a[i],e.source===s.contentWindow&&(s.removeAttribute("style"),"height"===t.message?(1e3<(r=parseInt(t.value,10))?r=1e3:~~r<200&&(r=200),s.height=r):"link"===t.message&&(r=new URL(s.getAttribute("src")),n=new URL(t.value),c.test(n.protocol))&&n.host===r.host&&l.activeElement===s&&(d.top.location.href=t.value))}},d.addEventListener("message",d.wp.receiveEmbedMessage,!1),l.addEventListener("DOMContentLoaded",function(){for(var e,t,s=l.querySelectorAll("iframe.wp-embedded-content"),r=0;r<s.length;r++)(t=(e=s[r]).getAttribute("data-secret"))||(t=Math.random().toString(36).substring(2,12),e.src+="#?secret="+t,e.setAttribute("data-secret",t)),e.contentWindow.postMessage({message:"ready",secret:t},"*")},!1)))}(window,document);
/* ]]> */
</script>

Der Sommer kommt, es wird immer wärmer draußen und man kann auch immer mehr im Freien unternehmen. Einige Ideen für Freizeitaktivitäten werde ich euch heute vorstellen. Entlang der Steyr kann man nicht nur entspannt Joggen gehen, sondern auch Krafttraining draußen machen. Im Kraftgarten in Garsten gibt es viele verschiedene Stationen, bei denen man unterschiedliche Muskelgruppen [&hellip;]
