{"id":1157,"date":"2019-11-05T17:26:03","date_gmt":"2019-11-05T15:26:03","guid":{"rendered":"https:\/\/wordpress.hak-steyr.at\/officepool\/?page_id=1157"},"modified":"2026-01-27T17:00:11","modified_gmt":"2026-01-27T15:00:11","slug":"mieter-2019-2020","status":"publish","type":"page","link":"https:\/\/wordpress.hak-steyr.at\/officepool\/mieter-2019-2020\/","title":{"rendered":"Mieter 2025\/26"},"content":{"rendered":"\n<h1 class=\"wp-block-heading has-vivid-cyan-blue-color has-text-color has-background\" style=\"background-color:#eaf6ff;font-size:24px\"><strong>UNSER TEAM<\/strong><\/h1>\n\n\n\n<p>\u201eFrischer Schwung im neuen Jahr! Die Sch\u00fclerinnen und Sch\u00fcler der 4CK sind allesamt Einzelunternehmer und geh\u00f6ren damit auch zu unserer diesj\u00e4hrigen Officepool-Community.<\/p>\n\n\n\n<h5 class=\"wp-block-heading\">Eventmanager<\/h5>\n\n\n\n<p>Lukas, Manuel, David und Latife bilden die organisatorische Ader unserer \u00dcbungsfirma. Als Managerteam f\u00fcr au\u00dferbetriebliche Ereignisse sind sie verantwortlich f\u00fcr die Planung und Durchf\u00fchrung zahlreicher Veranstaltungen der HAK Steyr \u2013 darunter den Infotag, die Karrieremesse, und die Business Week.<\/p>\n\n\n\n<figure class=\"wp-block-gallery has-nested-images columns-default is-cropped wp-block-gallery-1 is-layout-flex wp-block-gallery-is-layout-flex\">\n<figure class=\"wp-block-image size-large\"><a href=\"https:\/\/wordpress.hak-steyr.at\/officepool\/wp-content\/uploads\/2026\/01\/processed-7B108D0F-9C2E-45F9-AE66-8F62E696391E.jpeg\"><img loading=\"lazy\" decoding=\"async\" width=\"768\" height=\"1024\" data-id=\"1536\" src=\"https:\/\/wordpress.hak-steyr.at\/officepool\/wp-content\/uploads\/2026\/01\/processed-7B108D0F-9C2E-45F9-AE66-8F62E696391E-768x1024.jpeg\" alt=\"\" class=\"wp-image-1536\" srcset=\"https:\/\/wordpress.hak-steyr.at\/officepool\/wp-content\/uploads\/2026\/01\/processed-7B108D0F-9C2E-45F9-AE66-8F62E696391E-768x1023.jpeg 768w, https:\/\/wordpress.hak-steyr.at\/officepool\/wp-content\/uploads\/2026\/01\/processed-7B108D0F-9C2E-45F9-AE66-8F62E696391E-225x300.jpeg 225w, https:\/\/wordpress.hak-steyr.at\/officepool\/wp-content\/uploads\/2026\/01\/processed-7B108D0F-9C2E-45F9-AE66-8F62E696391E-1153x1536.jpeg 1153w, https:\/\/wordpress.hak-steyr.at\/officepool\/wp-content\/uploads\/2026\/01\/processed-7B108D0F-9C2E-45F9-AE66-8F62E696391E-1537x2048.jpeg 1537w, https:\/\/wordpress.hak-steyr.at\/officepool\/wp-content\/uploads\/2026\/01\/processed-7B108D0F-9C2E-45F9-AE66-8F62E696391E.jpeg 1816w\" sizes=\"auto, (max-width: 767px) 89vw, (max-width: 1000px) 54vw, (max-width: 1071px) 543px, 580px\" \/><\/a><\/figure>\n<\/figure>\n\n\n\n<h5 class=\"wp-block-heading\">Fotograf<\/h5>\n\n\n\n<p>Nina ist unsere Fotografin und sorgt daf\u00fcr, dass die sch\u00f6nsten Momente im Team festgehalten werden. Mit ihren Schnappsch\u00fcssen unterst\u00fctzt sie nicht nur unsere Arbeit, sondern gestaltet auch die Bildbeitr\u00e4ge f\u00fcr jegliche Einzelunternehmen unserer \u00dcbungsfirma. <\/p>\n\n\n\n<figure class=\"wp-block-gallery has-nested-images columns-default is-cropped wp-block-gallery-2 is-layout-flex wp-block-gallery-is-layout-flex\">\n<figure class=\"wp-block-image size-large\"><a href=\"https:\/\/wordpress.hak-steyr.at\/officepool\/wp-content\/uploads\/2026\/01\/IMG_5834-scaled.jpg\"><img loading=\"lazy\" decoding=\"async\" width=\"718\" height=\"1024\" data-id=\"1551\" src=\"https:\/\/wordpress.hak-steyr.at\/officepool\/wp-content\/uploads\/2026\/01\/IMG_5834-718x1024.jpg\" alt=\"\" class=\"wp-image-1551\" srcset=\"https:\/\/wordpress.hak-steyr.at\/officepool\/wp-content\/uploads\/2026\/01\/IMG_5834-718x1024.jpg 718w, https:\/\/wordpress.hak-steyr.at\/officepool\/wp-content\/uploads\/2026\/01\/IMG_5834-210x300.jpg 210w, https:\/\/wordpress.hak-steyr.at\/officepool\/wp-content\/uploads\/2026\/01\/IMG_5834-768x1095.jpg 768w, https:\/\/wordpress.hak-steyr.at\/officepool\/wp-content\/uploads\/2026\/01\/IMG_5834-1077x1536.jpg 1077w, https:\/\/wordpress.hak-steyr.at\/officepool\/wp-content\/uploads\/2026\/01\/IMG_5834-1436x2048.jpg 1436w, https:\/\/wordpress.hak-steyr.at\/officepool\/wp-content\/uploads\/2026\/01\/IMG_5834-scaled.jpg 1795w\" sizes=\"auto, (max-width: 718px) 100vw, 718px\" \/><\/a><\/figure>\n<\/figure>\n\n\n\n<h5 class=\"wp-block-heading\">JOURNALISTEN<\/h5>\n\n\n\n<p>Gleichzeitig schreiben Danilo, Laurenz P., Florian und Nico kreative Artikel f\u00fcr die Sch\u00fclerzeitung <em>Insight7<\/em> und ver\u00f6ffentlichen zweimal pro Woche spannende Beitr\u00e4ge zu Schule, Freizeit und aktuellen Trends. So werden berufliche Perspektiven und spannende Inhalte f\u00fcr Sch\u00fcler gleicherma\u00dfen gef\u00f6rdert.<\/p>\n\n\n\n<figure class=\"wp-block-gallery has-nested-images columns-default is-cropped wp-block-gallery-3 is-layout-flex wp-block-gallery-is-layout-flex\">\n<figure class=\"wp-block-image size-large\"><a href=\"https:\/\/wordpress.hak-steyr.at\/officepool\/wp-content\/uploads\/2026\/01\/original-9295D7E5-79DF-4517-851C-323410103AF3.jpeg\"><img loading=\"lazy\" decoding=\"async\" width=\"1024\" height=\"681\" data-id=\"1537\" src=\"https:\/\/wordpress.hak-steyr.at\/officepool\/wp-content\/uploads\/2026\/01\/original-9295D7E5-79DF-4517-851C-323410103AF3-1024x681.jpeg\" alt=\"\" class=\"wp-image-1537\" srcset=\"https:\/\/wordpress.hak-steyr.at\/officepool\/wp-content\/uploads\/2026\/01\/original-9295D7E5-79DF-4517-851C-323410103AF3-1024x681.jpeg 1024w, https:\/\/wordpress.hak-steyr.at\/officepool\/wp-content\/uploads\/2026\/01\/original-9295D7E5-79DF-4517-851C-323410103AF3-300x200.jpeg 300w, https:\/\/wordpress.hak-steyr.at\/officepool\/wp-content\/uploads\/2026\/01\/original-9295D7E5-79DF-4517-851C-323410103AF3-768x511.jpeg 768w, https:\/\/wordpress.hak-steyr.at\/officepool\/wp-content\/uploads\/2026\/01\/original-9295D7E5-79DF-4517-851C-323410103AF3-1536x1021.jpeg 1536w, https:\/\/wordpress.hak-steyr.at\/officepool\/wp-content\/uploads\/2026\/01\/original-9295D7E5-79DF-4517-851C-323410103AF3.jpeg 1600w\" sizes=\"auto, (max-width: 767px) 89vw, (max-width: 1000px) 54vw, (max-width: 1071px) 543px, 580px\" \/><\/a><\/figure>\n<\/figure>\n\n\n\n<h5 class=\"wp-block-heading\">Kaufm\u00e4nnische consulter<\/h5>\n\n\n\n<p>Jonas und Samuel sind als kaufm\u00e4nnische Consulter t\u00e4tig und stehen den Unternehmerinnen und Unternehmern mit ihrer Expertise in Steuerberatung und Administration zur Seite. Zu ihren Aufgaben z\u00e4hlen die Anwesenheitsanalyse, die Verwaltung von Mietvertr\u00e4gen, die Erstellung von Bestellformularen sowie weitere organisatorische T\u00e4tigkeiten. Dar\u00fcber hinaus arbeiten sie mit dem Buchungsprogramm BMD, betreuen kaufm\u00e4nnische Prozesse und \u00fcbernehmen die Pflege der Website sowie des Webshops.<\/p>\n\n\n\n<figure class=\"wp-block-gallery has-nested-images columns-default is-cropped wp-block-gallery-4 is-layout-flex wp-block-gallery-is-layout-flex\">\n<figure class=\"wp-block-image size-large\"><a href=\"https:\/\/wordpress.hak-steyr.at\/officepool\/wp-content\/uploads\/2026\/01\/processed-F047156A-444F-45D9-8D7B-D23653F85A7C-1.jpeg\"><img loading=\"lazy\" decoding=\"async\" width=\"774\" height=\"1024\" data-id=\"1541\" src=\"https:\/\/wordpress.hak-steyr.at\/officepool\/wp-content\/uploads\/2026\/01\/processed-F047156A-444F-45D9-8D7B-D23653F85A7C-1-774x1024.jpeg\" alt=\"\" class=\"wp-image-1541\" srcset=\"https:\/\/wordpress.hak-steyr.at\/officepool\/wp-content\/uploads\/2026\/01\/processed-F047156A-444F-45D9-8D7B-D23653F85A7C-1-774x1024.jpeg 774w, https:\/\/wordpress.hak-steyr.at\/officepool\/wp-content\/uploads\/2026\/01\/processed-F047156A-444F-45D9-8D7B-D23653F85A7C-1-227x300.jpeg 227w, https:\/\/wordpress.hak-steyr.at\/officepool\/wp-content\/uploads\/2026\/01\/processed-F047156A-444F-45D9-8D7B-D23653F85A7C-1-768x1017.jpeg 768w, https:\/\/wordpress.hak-steyr.at\/officepool\/wp-content\/uploads\/2026\/01\/processed-F047156A-444F-45D9-8D7B-D23653F85A7C-1-1160x1536.jpeg 1160w, https:\/\/wordpress.hak-steyr.at\/officepool\/wp-content\/uploads\/2026\/01\/processed-F047156A-444F-45D9-8D7B-D23653F85A7C-1-1547x2048.jpeg 1547w, https:\/\/wordpress.hak-steyr.at\/officepool\/wp-content\/uploads\/2026\/01\/processed-F047156A-444F-45D9-8D7B-D23653F85A7C-1.jpeg 1828w\" sizes=\"auto, (max-width: 767px) 89vw, (max-width: 1000px) 54vw, (max-width: 1071px) 543px, 580px\" \/><\/a><\/figure>\n<\/figure>\n\n\n\n<h5 class=\"wp-block-heading\">Merchandising <\/h5>\n\n\n\n<p>Andrea und Yvonne k\u00fcmmern sich dieses Jahr um das Merchandising. Sie kreieren eine exklusive Produktpalette, die unsere Schule verk\u00f6rpert. Durch individuell gestaltete Kleidung und praktische Accessoires schaffen sie hochwertige Merchandise-Artikel, die das Gemeinschaftsgef\u00fchl st\u00e4rken und die Einzigartigkeit unserer Schule unterstreichen.<\/p>\n\n\n\n<figure class=\"wp-block-gallery has-nested-images columns-default is-cropped wp-block-gallery-5 is-layout-flex wp-block-gallery-is-layout-flex\">\n<figure class=\"wp-block-image size-large\"><a href=\"https:\/\/wordpress.hak-steyr.at\/officepool\/wp-content\/uploads\/2026\/01\/processed-43E39F20-3495-4935-97B5-294A0660A4CE.jpeg\"><img loading=\"lazy\" decoding=\"async\" width=\"1024\" height=\"768\" data-id=\"1542\" src=\"https:\/\/wordpress.hak-steyr.at\/officepool\/wp-content\/uploads\/2026\/01\/processed-43E39F20-3495-4935-97B5-294A0660A4CE-1024x768.jpeg\" alt=\"\" class=\"wp-image-1542\" srcset=\"https:\/\/wordpress.hak-steyr.at\/officepool\/wp-content\/uploads\/2026\/01\/processed-43E39F20-3495-4935-97B5-294A0660A4CE-1024x768.jpeg 1024w, https:\/\/wordpress.hak-steyr.at\/officepool\/wp-content\/uploads\/2026\/01\/processed-43E39F20-3495-4935-97B5-294A0660A4CE-300x225.jpeg 300w, https:\/\/wordpress.hak-steyr.at\/officepool\/wp-content\/uploads\/2026\/01\/processed-43E39F20-3495-4935-97B5-294A0660A4CE-768x576.jpeg 768w, https:\/\/wordpress.hak-steyr.at\/officepool\/wp-content\/uploads\/2026\/01\/processed-43E39F20-3495-4935-97B5-294A0660A4CE-1536x1153.jpeg 1536w, https:\/\/wordpress.hak-steyr.at\/officepool\/wp-content\/uploads\/2026\/01\/processed-43E39F20-3495-4935-97B5-294A0660A4CE-2048x1537.jpeg 2048w\" sizes=\"auto, (max-width: 767px) 89vw, (max-width: 1000px) 54vw, (max-width: 1071px) 543px, 580px\" \/><\/a><\/figure>\n<\/figure>\n\n\n\n<h5 class=\"wp-block-heading\"> Podcast <\/h5>\n\n\n\n<p>Catalina und Emina k\u00fcmmern sich um den diesj\u00e4hrigen Podcast. In ihrem Podcast behandeln sie Themen rund um Sport und Wirtschaft. Diese Podcast-Folgen werden auf der Schulhomepage ver\u00f6ffentlicht.<\/p>\n\n\n\n<figure class=\"wp-block-gallery has-nested-images columns-default is-cropped wp-block-gallery-6 is-layout-flex wp-block-gallery-is-layout-flex\">\n<figure class=\"wp-block-image size-large\"><a href=\"https:\/\/wordpress.hak-steyr.at\/officepool\/wp-content\/uploads\/2026\/01\/processed-18D5C568-B7DA-4E19-9924-793A36366E70.jpeg\"><img loading=\"lazy\" decoding=\"async\" width=\"1024\" height=\"768\" data-id=\"1543\" src=\"https:\/\/wordpress.hak-steyr.at\/officepool\/wp-content\/uploads\/2026\/01\/processed-18D5C568-B7DA-4E19-9924-793A36366E70-1024x768.jpeg\" alt=\"\" class=\"wp-image-1543\" srcset=\"https:\/\/wordpress.hak-steyr.at\/officepool\/wp-content\/uploads\/2026\/01\/processed-18D5C568-B7DA-4E19-9924-793A36366E70-1024x768.jpeg 1024w, https:\/\/wordpress.hak-steyr.at\/officepool\/wp-content\/uploads\/2026\/01\/processed-18D5C568-B7DA-4E19-9924-793A36366E70-300x225.jpeg 300w, https:\/\/wordpress.hak-steyr.at\/officepool\/wp-content\/uploads\/2026\/01\/processed-18D5C568-B7DA-4E19-9924-793A36366E70-768x576.jpeg 768w, https:\/\/wordpress.hak-steyr.at\/officepool\/wp-content\/uploads\/2026\/01\/processed-18D5C568-B7DA-4E19-9924-793A36366E70-1536x1153.jpeg 1536w, https:\/\/wordpress.hak-steyr.at\/officepool\/wp-content\/uploads\/2026\/01\/processed-18D5C568-B7DA-4E19-9924-793A36366E70-2048x1537.jpeg 2048w\" sizes=\"auto, (max-width: 767px) 89vw, (max-width: 1000px) 54vw, (max-width: 1071px) 543px, 580px\" \/><\/a><\/figure>\n<\/figure>\n\n\n\n<h5 class=\"wp-block-heading has-text-align-left\">Sponsoring und Jobb\u00f6rse<\/h5>\n\n\n\n<p>Laurenz S. k\u00fcmmert sich um die Sponsoren und treibt Geld und Preise f\u00fcr Schulevents ein. Noah h\u00e4lt unsere Jobb\u00f6rse auf dem laufenden, f\u00fcr Sch\u00fcler die in den Ferien ein Praktikum brauchen oder f\u00fcr Sch\u00fcler die neben der Schule etwas arbeiten wollen.<\/p>\n\n\n\n<figure class=\"wp-block-gallery has-nested-images columns-default is-cropped wp-block-gallery-7 is-layout-flex wp-block-gallery-is-layout-flex\">\n<figure class=\"wp-block-image size-large\"><a href=\"https:\/\/wordpress.hak-steyr.at\/officepool\/wp-content\/uploads\/2026\/01\/processed-76EC374B-3AA7-460F-87F1-CB45B902E7EF-scaled.jpeg\"><img loading=\"lazy\" decoding=\"async\" width=\"691\" height=\"1024\" data-id=\"1544\" src=\"https:\/\/wordpress.hak-steyr.at\/officepool\/wp-content\/uploads\/2026\/01\/processed-76EC374B-3AA7-460F-87F1-CB45B902E7EF-691x1024.jpeg\" alt=\"\" class=\"wp-image-1544\" srcset=\"https:\/\/wordpress.hak-steyr.at\/officepool\/wp-content\/uploads\/2026\/01\/processed-76EC374B-3AA7-460F-87F1-CB45B902E7EF-691x1024.jpeg 691w, https:\/\/wordpress.hak-steyr.at\/officepool\/wp-content\/uploads\/2026\/01\/processed-76EC374B-3AA7-460F-87F1-CB45B902E7EF-203x300.jpeg 203w, https:\/\/wordpress.hak-steyr.at\/officepool\/wp-content\/uploads\/2026\/01\/processed-76EC374B-3AA7-460F-87F1-CB45B902E7EF-768x1138.jpeg 768w, https:\/\/wordpress.hak-steyr.at\/officepool\/wp-content\/uploads\/2026\/01\/processed-76EC374B-3AA7-460F-87F1-CB45B902E7EF-1037x1536.jpeg 1037w, https:\/\/wordpress.hak-steyr.at\/officepool\/wp-content\/uploads\/2026\/01\/processed-76EC374B-3AA7-460F-87F1-CB45B902E7EF-1383x2048.jpeg 1383w, https:\/\/wordpress.hak-steyr.at\/officepool\/wp-content\/uploads\/2026\/01\/processed-76EC374B-3AA7-460F-87F1-CB45B902E7EF-scaled.jpeg 1728w\" sizes=\"auto, (max-width: 691px) 100vw, 691px\" \/><\/a><\/figure>\n<\/figure>\n\n\n\n<h5 class=\"wp-block-heading\">Grafikagentur<\/h5>\n\n\n\n<p>Mert und Niklas sind die diesj\u00e4hrigen Grafiker. Sie sind die kreative Ader unserer \u00dcbungsfirma und k\u00fcmmern sich um die Erstellung von etlichen Plakaten und Flyern.<\/p>\n\n\n\n<figure class=\"wp-block-gallery has-nested-images columns-default is-cropped wp-block-gallery-8 is-layout-flex wp-block-gallery-is-layout-flex\">\n<figure class=\"wp-block-image size-large\"><a href=\"https:\/\/wordpress.hak-steyr.at\/officepool\/wp-content\/uploads\/2026\/01\/processed-3E345956-B7A2-4B36-A733-528CFFBA6225.jpeg\"><img loading=\"lazy\" decoding=\"async\" width=\"768\" height=\"1024\" data-id=\"1545\" src=\"https:\/\/wordpress.hak-steyr.at\/officepool\/wp-content\/uploads\/2026\/01\/processed-3E345956-B7A2-4B36-A733-528CFFBA6225-768x1024.jpeg\" alt=\"\" class=\"wp-image-1545\" srcset=\"https:\/\/wordpress.hak-steyr.at\/officepool\/wp-content\/uploads\/2026\/01\/processed-3E345956-B7A2-4B36-A733-528CFFBA6225-768x1023.jpeg 768w, https:\/\/wordpress.hak-steyr.at\/officepool\/wp-content\/uploads\/2026\/01\/processed-3E345956-B7A2-4B36-A733-528CFFBA6225-225x300.jpeg 225w, https:\/\/wordpress.hak-steyr.at\/officepool\/wp-content\/uploads\/2026\/01\/processed-3E345956-B7A2-4B36-A733-528CFFBA6225-1153x1536.jpeg 1153w, https:\/\/wordpress.hak-steyr.at\/officepool\/wp-content\/uploads\/2026\/01\/processed-3E345956-B7A2-4B36-A733-528CFFBA6225-1537x2048.jpeg 1537w, https:\/\/wordpress.hak-steyr.at\/officepool\/wp-content\/uploads\/2026\/01\/processed-3E345956-B7A2-4B36-A733-528CFFBA6225.jpeg 1816w\" sizes=\"auto, (max-width: 767px) 89vw, (max-width: 1000px) 54vw, (max-width: 1071px) 543px, 580px\" \/><\/a><\/figure>\n<\/figure>\n\n\n\n<h5 class=\"wp-block-heading\">Travel Agent<\/h5>\n\n\n\n<p>Unsere neuste Stelle der Travel Agent hei\u00dft Lena. Sie ist dazu zust\u00e4ndig unsere Betriebsurlaube sowie unsere Reisen zu planen und zu organisieren. <\/p>\n\n\n\n<figure class=\"wp-block-image size-large\"><a href=\"https:\/\/wordpress.hak-steyr.at\/officepool\/wp-content\/uploads\/2026\/01\/processed-254D376E-A861-44EA-B511-EA6C8193D27B.jpeg\"><img loading=\"lazy\" decoding=\"async\" width=\"768\" height=\"1024\" src=\"https:\/\/wordpress.hak-steyr.at\/officepool\/wp-content\/uploads\/2026\/01\/processed-254D376E-A861-44EA-B511-EA6C8193D27B-768x1024.jpeg\" alt=\"\" class=\"wp-image-1546\" srcset=\"https:\/\/wordpress.hak-steyr.at\/officepool\/wp-content\/uploads\/2026\/01\/processed-254D376E-A861-44EA-B511-EA6C8193D27B-768x1023.jpeg 768w, https:\/\/wordpress.hak-steyr.at\/officepool\/wp-content\/uploads\/2026\/01\/processed-254D376E-A861-44EA-B511-EA6C8193D27B-225x300.jpeg 225w, https:\/\/wordpress.hak-steyr.at\/officepool\/wp-content\/uploads\/2026\/01\/processed-254D376E-A861-44EA-B511-EA6C8193D27B-1153x1536.jpeg 1153w, https:\/\/wordpress.hak-steyr.at\/officepool\/wp-content\/uploads\/2026\/01\/processed-254D376E-A861-44EA-B511-EA6C8193D27B-1537x2048.jpeg 1537w, https:\/\/wordpress.hak-steyr.at\/officepool\/wp-content\/uploads\/2026\/01\/processed-254D376E-A861-44EA-B511-EA6C8193D27B.jpeg 1816w\" sizes=\"auto, (max-width: 767px) 89vw, (max-width: 1000px) 54vw, (max-width: 1071px) 543px, 580px\" \/><\/a><\/figure>\n\n\n\n<h5 class=\"wp-block-heading\">Wellness Coach<\/h5>\n\n\n\n<p>Samuel ist unser Wellness Coach, er ist f\u00fcr unser Wohlbefinden in unserer \u00dcbungsfirma zust\u00e4ndig. Er organisiert Fortbildungen f\u00fcr die Mieter um sie noch n\u00e4her zusammen zu bringen und sie zu einem Team formen.<\/p>\n\n\n\n<figure class=\"wp-block-image size-large\"><a href=\"https:\/\/wordpress.hak-steyr.at\/officepool\/wp-content\/uploads\/2026\/01\/processed-66FF1484-0E1E-460D-BD76-D68A7EFA5F9D-scaled.jpeg\"><img loading=\"lazy\" decoding=\"async\" width=\"1024\" height=\"598\" src=\"https:\/\/wordpress.hak-steyr.at\/officepool\/wp-content\/uploads\/2026\/01\/processed-66FF1484-0E1E-460D-BD76-D68A7EFA5F9D-1024x598.jpeg\" alt=\"\" class=\"wp-image-1547\" srcset=\"https:\/\/wordpress.hak-steyr.at\/officepool\/wp-content\/uploads\/2026\/01\/processed-66FF1484-0E1E-460D-BD76-D68A7EFA5F9D-1024x598.jpeg 1024w, https:\/\/wordpress.hak-steyr.at\/officepool\/wp-content\/uploads\/2026\/01\/processed-66FF1484-0E1E-460D-BD76-D68A7EFA5F9D-300x175.jpeg 300w, https:\/\/wordpress.hak-steyr.at\/officepool\/wp-content\/uploads\/2026\/01\/processed-66FF1484-0E1E-460D-BD76-D68A7EFA5F9D-768x449.jpeg 768w, https:\/\/wordpress.hak-steyr.at\/officepool\/wp-content\/uploads\/2026\/01\/processed-66FF1484-0E1E-460D-BD76-D68A7EFA5F9D-1536x897.jpeg 1536w, https:\/\/wordpress.hak-steyr.at\/officepool\/wp-content\/uploads\/2026\/01\/processed-66FF1484-0E1E-460D-BD76-D68A7EFA5F9D-2048x1196.jpeg 2048w\" sizes=\"auto, (max-width: 767px) 89vw, (max-width: 1000px) 54vw, (max-width: 1071px) 543px, 580px\" \/><\/a><\/figure>\n\n\n\n<p><\/p>\n","protected":false},"excerpt":{"rendered":"excerpt","protected":false},"author":7,"featured_media":0,"parent":0,"menu_order":0,"comment_status":"closed","ping_status":"closed","template":"","meta":{"episode_type":"","audio_file":"","cover_image":"","cover_image_id":"","duration":"","filesize":"","filesize_raw":"","date_recorded":"","explicit":"","block":"","footnotes":""},"class_list":["post-1157","page","type-page","status-publish","hentry"],"_links":{"self":[{"href":"https:\/\/wordpress.hak-steyr.at\/officepool\/wp-json\/wp\/v2\/pages\/1157","targetHints":{"allow":["GET"]}}],"collection":[{"href":"https:\/\/wordpress.hak-steyr.at\/officepool\/wp-json\/wp\/v2\/pages"}],"about":[{"href":"https:\/\/wordpress.hak-steyr.at\/officepool\/wp-json\/wp\/v2\/types\/page"}],"author":[{"embeddable":true,"href":"https:\/\/wordpress.hak-steyr.at\/officepool\/wp-json\/wp\/v2\/users\/7"}],"replies":[{"embeddable":true,"href":"https:\/\/wordpress.hak-steyr.at\/officepool\/wp-json\/wp\/v2\/comments?post=1157"}],"version-history":[{"count":47,"href":"https:\/\/wordpress.hak-steyr.at\/officepool\/wp-json\/wp\/v2\/pages\/1157\/revisions"}],"predecessor-version":[{"id":1552,"href":"https:\/\/wordpress.hak-steyr.at\/officepool\/wp-json\/wp\/v2\/pages\/1157\/revisions\/1552"}],"wp:attachment":[{"href":"https:\/\/wordpress.hak-steyr.at\/officepool\/wp-json\/wp\/v2\/media?parent=1157"}],"curies":[{"name":"wp","href":"https:\/\/api.w.org\/{rel}","templated":true}]}}