{"id":955,"date":"2018-10-09T08:14:20","date_gmt":"2018-10-09T06:14:20","guid":{"rendered":"http:\/\/wordpress.hak-steyr.at\/officepool\/?page_id=955"},"modified":"2025-09-30T15:19:49","modified_gmt":"2025-09-30T13:19:49","slug":"uefa-konzept","status":"publish","type":"page","link":"https:\/\/wordpress.hak-steyr.at\/officepool\/uefa-konzept\/","title":{"rendered":"Coworking Konzept"},"content":{"rendered":"\n<h1 class=\"wp-block-heading\"><span style=\"color: #00ccff;\">COWORKING. SPACES.<\/span><\/h1>\n\n\n\n<p>&nbsp;<\/p>\n\n\n\n<p>Im <strong>Coworking Space<\/strong> arbeiten junge Unternehmer kreativ und unabh\u00e4ngig voneinander an verschiedenen Projekten, meist in den selben R\u00e4umlichkeiten und k\u00f6nnen sich so gegenseitig erg\u00e4nzen und unterst\u00fctzen. <strong>Jeder profitiert von jedem<\/strong> und kommt schneller zu einfallsreichen Ideen. Die Coworking Spaces erm\u00f6glichen so das eigenst\u00e4ndige Arbeiten, als auch die Bildung einer Gemeinschaft.<\/p>\n\n\n\n<h1 class=\"wp-block-heading\"><span style=\"color: #00ccff;\">5 Coworking-Werte<\/span><\/h1>\n\n\n\n<ul class=\"wp-block-list\">\n<li><strong>Offenheit<\/strong><\/li>\n\n\n\n<li><strong>Kollaboration<\/strong><\/li>\n\n\n\n<li><strong>Nachhaltigkeit<\/strong><\/li>\n\n\n\n<li><strong>Gemeinschaft<\/strong><\/li>\n\n\n\n<li><strong>Zug\u00e4nglichkeit<\/strong><\/li>\n<\/ul>\n\n\n\n<h1 class=\"wp-block-heading\"><span style=\"color: #00ffff;\"><span style=\"color: #00ccff;\">P\u00c4DAGIGISCHES KONZEPT<\/span><br><\/span><\/h1>\n\n\n\n<p>Bereits im Jahr 2011 haben wir an der HAK Steyr das Potential von Coworking im modernen Arbeitsleben erkannt und entsprechend den damaligen Rahmenbedingungen f\u00fcr die \u00dcbungsfirma ein passendes Konzept entwickelt.<\/p>\n\n\n\n<p>Die \u00dcbungsfirma Officepool dient dabei als &#8222;Dach-\u00dcFA&#8220;, die B\u00fcroinfrastruktur an EPUs (Ein-Personen-Unternehmen) vermietet. Jede Sch\u00fclerin und jeder Sch\u00fcler mietet sich mit seinem EPU in Officepool ein.<\/p>\n\n\n\n<p>Dieses Konzept (damals noch unter dem Arbeitstitel &#8222;ClubOffice&#8220;) wurde 2011 vom damaligen Landesschulinspektor HAK O\u00d6 genehmigt und im Jahr 2012 beim WiP\u00e4d-Kongress in Linz erstmals \u00f6ffentlich gemacht. Die \u00dcFA <strong>Officepool e.U.<\/strong> wurde im Herbst 2011 gegr\u00fcndet.<\/p>\n\n\n\n<p><strong><span style=\"color: #00ccff;\">F\u00fcr Interessierte<\/span> stellen wir gerne unser Konzept sowie den Info-Poster vom WiP\u00e4d-Kongress zur Verf\u00fcgung:<br><\/strong><\/p>\n\n\n\n<p><a href=\"http:\/\/wordpress.hak-steyr.at\/officepool\/wp-content\/uploads\/2018\/10\/UFA-Konzept-ClubOffice.pdf\">UFA-Konzept ClubOffice<\/a><\/p>\n\n\n\n<p><a href=\"http:\/\/wordpress.hak-steyr.at\/officepool\/wp-content\/uploads\/2018\/10\/POSTERWIPAED.pdf\">POSTERWIPAED<\/a><\/p>\n","protected":false},"excerpt":{"rendered":"excerpt","protected":false},"author":1,"featured_media":0,"parent":0,"menu_order":0,"comment_status":"closed","ping_status":"closed","template":"","meta":{"episode_type":"","audio_file":"","cover_image":"","cover_image_id":"","duration":"","filesize":"","filesize_raw":"","date_recorded":"","explicit":"","block":"","footnotes":""},"class_list":["post-955","page","type-page","status-publish","hentry"],"_links":{"self":[{"href":"https:\/\/wordpress.hak-steyr.at\/officepool\/wp-json\/wp\/v2\/pages\/955","targetHints":{"allow":["GET"]}}],"collection":[{"href":"https:\/\/wordpress.hak-steyr.at\/officepool\/wp-json\/wp\/v2\/pages"}],"about":[{"href":"https:\/\/wordpress.hak-steyr.at\/officepool\/wp-json\/wp\/v2\/types\/page"}],"author":[{"embeddable":true,"href":"https:\/\/wordpress.hak-steyr.at\/officepool\/wp-json\/wp\/v2\/users\/1"}],"replies":[{"embeddable":true,"href":"https:\/\/wordpress.hak-steyr.at\/officepool\/wp-json\/wp\/v2\/comments?post=955"}],"version-history":[{"count":17,"href":"https:\/\/wordpress.hak-steyr.at\/officepool\/wp-json\/wp\/v2\/pages\/955\/revisions"}],"predecessor-version":[{"id":1515,"href":"https:\/\/wordpress.hak-steyr.at\/officepool\/wp-json\/wp\/v2\/pages\/955\/revisions\/1515"}],"wp:attachment":[{"href":"https:\/\/wordpress.hak-steyr.at\/officepool\/wp-json\/wp\/v2\/media?parent=955"}],"curies":[{"name":"wp","href":"https:\/\/api.w.org\/{rel}","templated":true}]}}