{"id":27,"date":"2013-10-28T15:08:57","date_gmt":"2013-10-28T13:08:57","guid":{"rendered":"http:\/\/wordpress.hak-steyr.at\/piraty\/?page_id=27"},"modified":"2025-10-03T11:01:02","modified_gmt":"2025-10-03T09:01:02","slug":"mr-mrs-bean","status":"publish","type":"page","link":"https:\/\/wordpress.hak-steyr.at\/piraty\/kaffee\/mr-mrs-bean\/","title":{"rendered":"Aroma Light"},"content":{"rendered":"<div class=\"wp-block-image\">\n<figure class=\"alignleft size-medium is-resized\"><a href=\"https:\/\/wordpress.hak-steyr.at\/piraty\/wp-content\/uploads\/2025\/10\/Aroma_Light.jpg\"><img loading=\"lazy\" decoding=\"async\" width=\"207\" height=\"300\" src=\"https:\/\/wordpress.hak-steyr.at\/piraty\/wp-content\/uploads\/2025\/10\/Aroma_Light-207x300.jpg\" alt=\"\" class=\"wp-image-2637\" style=\"width:250px;height:undefinedpx\" srcset=\"https:\/\/wordpress.hak-steyr.at\/piraty\/wp-content\/uploads\/2025\/10\/Aroma_Light-207x300.jpg 207w, https:\/\/wordpress.hak-steyr.at\/piraty\/wp-content\/uploads\/2025\/10\/Aroma_Light-707x1024.jpg 707w, https:\/\/wordpress.hak-steyr.at\/piraty\/wp-content\/uploads\/2025\/10\/Aroma_Light-768x1112.jpg 768w, https:\/\/wordpress.hak-steyr.at\/piraty\/wp-content\/uploads\/2025\/10\/Aroma_Light-1061x1536.jpg 1061w, https:\/\/wordpress.hak-steyr.at\/piraty\/wp-content\/uploads\/2025\/10\/Aroma_Light.jpg 1177w\" sizes=\"auto, (max-width: 207px) 100vw, 207px\" \/><\/a><\/figure><\/div>\n\n\n<p><strong>Inhaltstoffe:\u00a0<\/strong><br>80% Arabica-Bohnen<br><strong>Gewicht:<\/strong><br>500 g<br><strong>Preis (exkl.\u00a020% USt):\u00a0<\/strong><br>9,00 \u20ac<br><strong>Herkunft:<\/strong> Kolumbien<\/p>\n\n\n\n<p class=\"has-small-font-size\">Aroma Light ist die leichtere Variante des klassischen Arabica-Kaffees. Er hat einen besonders milden Geschmack und eine geringere Intensit\u00e4t, was ihn ideal f\u00fcr alle macht, die einen sanften, aber dennoch aromatischen Kaffeegenuss bevorzugen. Der Koffeingehalt ist etwas niedriger, wodurch er perfekt f\u00fcr den t\u00e4glichen Genuss ohne viel Koffein geeignet ist. Mit fruchtigen und leicht blumigen Aromen sorgt er f\u00fcr einen angenehm aufgeweckten Tag.&nbsp;&nbsp;<\/p>\n\n\n\n<p><\/p>\n\n\n\n<p><\/p>\n\n\n\n<p><\/p>\n\n\n\n<p><\/p>\n","protected":false},"excerpt":{"rendered":"<p>Inhaltstoffe:\u00a080% Arabica-BohnenGewicht:500 gPreis (exkl.\u00a020% USt):\u00a09,00 \u20acHerkunft: Kolumbien Aroma Light ist die leichtere Variante des klassischen Arabica-Kaffees. Er hat einen besonders milden Geschmack und eine geringere Intensit\u00e4t, was ihn ideal f\u00fcr alle macht, die einen sanften, aber dennoch aromatischen Kaffeegenuss bevorzugen. Der Koffeingehalt ist etwas niedriger, wodurch er perfekt f\u00fcr den t\u00e4glichen Genuss ohne viel Koffein &hellip; <a href=\"https:\/\/wordpress.hak-steyr.at\/piraty\/kaffee\/mr-mrs-bean\/\" class=\"more-link\"><span class=\"screen-reader-text\">Aroma Light<\/span> weiterlesen <span class=\"meta-nav\">&rarr;<\/span><\/a><\/p>\n","protected":false},"author":6,"featured_media":0,"parent":13,"menu_order":0,"comment_status":"closed","ping_status":"closed","template":"","meta":{"footnotes":""},"class_list":["post-27","page","type-page","status-publish","hentry"],"_links":{"self":[{"href":"https:\/\/wordpress.hak-steyr.at\/piraty\/wp-json\/wp\/v2\/pages\/27","targetHints":{"allow":["GET"]}}],"collection":[{"href":"https:\/\/wordpress.hak-steyr.at\/piraty\/wp-json\/wp\/v2\/pages"}],"about":[{"href":"https:\/\/wordpress.hak-steyr.at\/piraty\/wp-json\/wp\/v2\/types\/page"}],"author":[{"embeddable":true,"href":"https:\/\/wordpress.hak-steyr.at\/piraty\/wp-json\/wp\/v2\/users\/6"}],"replies":[{"embeddable":true,"href":"https:\/\/wordpress.hak-steyr.at\/piraty\/wp-json\/wp\/v2\/comments?post=27"}],"version-history":[{"count":61,"href":"https:\/\/wordpress.hak-steyr.at\/piraty\/wp-json\/wp\/v2\/pages\/27\/revisions"}],"predecessor-version":[{"id":2717,"href":"https:\/\/wordpress.hak-steyr.at\/piraty\/wp-json\/wp\/v2\/pages\/27\/revisions\/2717"}],"up":[{"embeddable":true,"href":"https:\/\/wordpress.hak-steyr.at\/piraty\/wp-json\/wp\/v2\/pages\/13"}],"wp:attachment":[{"href":"https:\/\/wordpress.hak-steyr.at\/piraty\/wp-json\/wp\/v2\/media?parent=27"}],"curies":[{"name":"wp","href":"https:\/\/api.w.org\/{rel}","templated":true}]}}