{"id":2751,"date":"2025-11-21T12:07:38","date_gmt":"2025-11-21T10:07:38","guid":{"rendered":"https:\/\/wordpress.hak-steyr.at\/piraty\/?page_id=2751"},"modified":"2025-11-28T09:49:19","modified_gmt":"2025-11-28T07:49:19","slug":"xmas-special","status":"publish","type":"page","link":"https:\/\/wordpress.hak-steyr.at\/piraty\/xmas-special\/","title":{"rendered":"XMAS Special"},"content":{"rendered":"\n<div class=\"wp-block-media-text is-stacked-on-mobile\"><figure class=\"wp-block-media-text__media\"><img loading=\"lazy\" decoding=\"async\" width=\"864\" height=\"1024\" src=\"https:\/\/wordpress.hak-steyr.at\/piraty\/wp-content\/uploads\/2025\/11\/Weinachtsedition-PRODUKT-e1763719567130-864x1024.jpg\" alt=\"\" class=\"wp-image-2741 size-full\" srcset=\"https:\/\/wordpress.hak-steyr.at\/piraty\/wp-content\/uploads\/2025\/11\/Weinachtsedition-PRODUKT-e1763719567130-864x1024.jpg 864w, https:\/\/wordpress.hak-steyr.at\/piraty\/wp-content\/uploads\/2025\/11\/Weinachtsedition-PRODUKT-e1763719567130-253x300.jpg 253w, https:\/\/wordpress.hak-steyr.at\/piraty\/wp-content\/uploads\/2025\/11\/Weinachtsedition-PRODUKT-e1763719567130-768x910.jpg 768w, https:\/\/wordpress.hak-steyr.at\/piraty\/wp-content\/uploads\/2025\/11\/Weinachtsedition-PRODUKT-e1763719567130.jpg 1105w\" sizes=\"auto, (max-width: 864px) 100vw, 864px\" \/><\/figure><div class=\"wp-block-media-text__content\">\n<h2 class=\"wp-block-heading\">Cherry Bomb Xmas Schoki<\/h2>\n\n\n\n<p><strong>Preis<\/strong>: 3,00\u20ac <em>(exkl. 10%USt.)<\/em><br><strong>Gewicht<\/strong>: 100g<br><strong>Herkunft<\/strong>: Peru<\/p>\n\n\n\n<p><strong>Produktbeschreibung:<\/strong><br>Entdecken Sie die limitierte <em>Xmas Edition Cherry Chocolate<\/em>: eine zartschmelzende Schokolade mit feiner Kirschnote, verpackt im festlichen Gr\u00fcn-Rot-Design. Perfekt als Geschenk oder s\u00fc\u00dfer Genussmoment in der Weihnachtszeit. Handgezeichnetes Design macht jede Tafel zu einem besonderen Highlight f\u00fcr alle Schokoladenliebhaber.<\/p>\n<\/div><\/div>\n","protected":false},"excerpt":{"rendered":"<p>Cherry Bomb Xmas Schoki Preis: 3,00\u20ac (exkl. 10%USt.)Gewicht: 100gHerkunft: Peru Produktbeschreibung:Entdecken Sie die limitierte Xmas Edition Cherry Chocolate: eine zartschmelzende Schokolade mit feiner Kirschnote, verpackt im festlichen Gr\u00fcn-Rot-Design. Perfekt als Geschenk oder s\u00fc\u00dfer Genussmoment in der Weihnachtszeit. Handgezeichnetes Design macht jede Tafel zu einem besonderen Highlight f\u00fcr alle Schokoladenliebhaber.<\/p>\n","protected":false},"author":4,"featured_media":0,"parent":0,"menu_order":0,"comment_status":"closed","ping_status":"closed","template":"","meta":{"footnotes":""},"class_list":["post-2751","page","type-page","status-publish","hentry"],"_links":{"self":[{"href":"https:\/\/wordpress.hak-steyr.at\/piraty\/wp-json\/wp\/v2\/pages\/2751","targetHints":{"allow":["GET"]}}],"collection":[{"href":"https:\/\/wordpress.hak-steyr.at\/piraty\/wp-json\/wp\/v2\/pages"}],"about":[{"href":"https:\/\/wordpress.hak-steyr.at\/piraty\/wp-json\/wp\/v2\/types\/page"}],"author":[{"embeddable":true,"href":"https:\/\/wordpress.hak-steyr.at\/piraty\/wp-json\/wp\/v2\/users\/4"}],"replies":[{"embeddable":true,"href":"https:\/\/wordpress.hak-steyr.at\/piraty\/wp-json\/wp\/v2\/comments?post=2751"}],"version-history":[{"count":3,"href":"https:\/\/wordpress.hak-steyr.at\/piraty\/wp-json\/wp\/v2\/pages\/2751\/revisions"}],"predecessor-version":[{"id":2756,"href":"https:\/\/wordpress.hak-steyr.at\/piraty\/wp-json\/wp\/v2\/pages\/2751\/revisions\/2756"}],"wp:attachment":[{"href":"https:\/\/wordpress.hak-steyr.at\/piraty\/wp-json\/wp\/v2\/media?parent=2751"}],"curies":[{"name":"wp","href":"https:\/\/api.w.org\/{rel}","templated":true}]}}